{"id":9997,"date":"2020-08-05T07:22:00","date_gmt":"2020-08-05T05:22:00","guid":{"rendered":"http:\/\/64.227.66.199\/?post_type=product&#038;p=9997"},"modified":"2024-10-20T15:31:19","modified_gmt":"2024-10-20T13:31:19","slug":"studioroof-yellow-butterfly","status":"publish","type":"product","link":"https:\/\/www.afmuseet.no\/nettbutikk\/produkt\/studioroof-yellow-butterfly\/","title":{"rendered":"Studio ROOF &#8211; Gul Sommerfugl"},"content":{"rendered":"<p>Hvor sm\u00e5 de enn m\u00e5tte v\u00e6re, har insekter av stor betydning for jordens vitalitet. Disse fargerike skapningene kan n\u00e5 fortelle historien sin hjemme hos deg! Med sine lyse grafiske m\u00f8nstre, trykt p\u00e5 resirkulert papp med vegetabilsk blekk, lar deg legge til litt skj\u00f8nnhet i b\u00e5de hjemmet og verden.<\/p>\n<p>Flatpakket 3D-byggesett<br \/>\nLaget av resirkulert papp og trykt med vegetabilsk blekk;<br \/>\nM\u00e5l n\u00e5r bygget: 14 x 5 x 14 cm<br \/>\n4 x B6-ark med 11 deler som monteres<br \/>\nMonteringsanvisning finnes p\u00e5 innsiden av emballasjen.<\/p>\n","protected":false},"excerpt":{"rendered":"<p>Hvor sm\u00e5 de enn m\u00e5tte v\u00e6re, har insekter av stor betydning for jordens vitalitet. Disse fargerike skapningene kan n\u00e5 fortelle historien sin hjemme hos deg! Med sine lyse grafiske m\u00f8nstre, trykt p\u00e5 resirkulert papp med vegetabilsk blekk, lar deg legge til litt skj\u00f8nnhet i b\u00e5de hjemmet og verden. Flatpakket 3D-byggesett Laget av resirkulert papp og [&hellip;]<\/p>\n","protected":false},"featured_media":41705,"template":"","meta":{"_acf_changed":false,"afm_hide_title":false,"_afm_post_new_title":"","afm_terms_sep_product_language":", ","afm_terms_sep_product_post_translations":", ","afm_terms_sep_product_product_brand":", ","afm_terms_sep_product_product_type":", ","afm_terms_sep_product_product_visibility":", ","afm_terms_sep_product_product_cat":", ","afm_terms_sep_product_product_tag":", ","afm_terms_sep_product_product_shipping_class":", ","afm_terms_sep_product_pos_product_visibility":", ","afm_terms_sep_product_pa_cindy-sherman-art-bag":", "},"product_brand":[],"product_cat":[487,292],"product_tag":[],"class_list":{"0":"post-9997","1":"product","2":"type-product","3":"status-publish","4":"has-post-thumbnail","6":"product_cat-3041-anskaffede-artikler","7":"product_cat-all-products","8":"product_shipping_class-div-product","10":"first","11":"outofstock","12":"taxable","13":"shipping-taxable","14":"purchasable","15":"product-type-simple"},"group_of_quantity":0,"min_quantity":0,"max_quantity":"","exclude_order_quantity_value_rules":"no","exclude_category_quantity_rules":"no","combine_variations":"no","yoast_head":"<!-- This site is optimized with the Yoast SEO Premium plugin v26.9 (Yoast SEO v26.9) - https:\/\/yoast.com\/product\/yoast-seo-premium-wordpress\/ -->\n<title>Studio ROOF - Gul Sommerfugl &#8211; Astrup Fearnley Museet<\/title>\n<meta name=\"description\" content=\"Legg til litt skj\u00f8nnhet i hjemmet med sommerfuglen sine lyse grafiske m\u00f8nstre, trykt p\u00e5 resirkulert papp med vegetabilsk blekk.\" \/>\n<meta name=\"robots\" content=\"index, follow, max-snippet:-1, max-image-preview:large, max-video-preview:-1\" \/>\n<link rel=\"canonical\" href=\"https:\/\/www.afmuseet.no\/nettbutikk\/produkt\/studioroof-yellow-butterfly\/\" \/>\n<meta property=\"og:locale\" content=\"en_US\" \/>\n<meta property=\"og:type\" content=\"article\" \/>\n<meta property=\"og:title\" content=\"Studio ROOF - Gul Sommerfugl\" \/>\n<meta property=\"og:description\" content=\"Legg til litt skj\u00f8nnhet i hjemmet med sommerfuglen sine lyse grafiske m\u00f8nstre, trykt p\u00e5 resirkulert papp med vegetabilsk blekk.\" \/>\n<meta property=\"og:url\" content=\"https:\/\/www.afmuseet.no\/nettbutikk\/produkt\/studioroof-yellow-butterfly\/\" \/>\n<meta property=\"og:site_name\" content=\"Astrup Fearnley Museet\" \/>\n<meta property=\"article:modified_time\" content=\"2024-10-20T13:31:19+00:00\" \/>\n<meta property=\"og:image\" content=\"https:\/\/www.afmuseet.no\/content\/uploads\/2020\/08\/Yellow-butterfly-hvit-vegg-2-scaled.jpg\" \/>\n\t<meta property=\"og:image:width\" content=\"2560\" \/>\n\t<meta property=\"og:image:height\" content=\"2560\" \/>\n\t<meta property=\"og:image:type\" content=\"image\/jpeg\" \/>\n<meta name=\"twitter:card\" content=\"summary_large_image\" \/>\n<script type=\"application\/ld+json\" class=\"yoast-schema-graph\">{\"@context\":\"https:\/\/schema.org\",\"@graph\":[{\"@type\":\"WebPage\",\"@id\":\"https:\/\/www.afmuseet.no\/nettbutikk\/produkt\/studioroof-yellow-butterfly\/\",\"url\":\"https:\/\/www.afmuseet.no\/nettbutikk\/produkt\/studioroof-yellow-butterfly\/\",\"name\":\"Studio ROOF - Gul Sommerfugl &#8211; Astrup Fearnley Museet\",\"isPartOf\":{\"@id\":\"https:\/\/www.afmuseet.no\/nettbutikk\/#website\"},\"primaryImageOfPage\":{\"@id\":\"https:\/\/www.afmuseet.no\/nettbutikk\/produkt\/studioroof-yellow-butterfly\/#primaryimage\"},\"image\":{\"@id\":\"https:\/\/www.afmuseet.no\/nettbutikk\/produkt\/studioroof-yellow-butterfly\/#primaryimage\"},\"thumbnailUrl\":\"https:\/\/www.afmuseet.no\/content\/uploads\/2020\/08\/Yellow-butterfly-hvit-vegg-2-scaled.jpg\",\"datePublished\":\"2020-08-05T05:22:00+00:00\",\"dateModified\":\"2024-10-20T13:31:19+00:00\",\"description\":\"Legg til litt skj\u00f8nnhet i hjemmet med sommerfuglen sine lyse grafiske m\u00f8nstre, trykt p\u00e5 resirkulert papp med vegetabilsk blekk.\",\"breadcrumb\":{\"@id\":\"https:\/\/www.afmuseet.no\/nettbutikk\/produkt\/studioroof-yellow-butterfly\/#breadcrumb\"},\"inLanguage\":\"en-US\",\"potentialAction\":[{\"@type\":\"ReadAction\",\"target\":[\"https:\/\/www.afmuseet.no\/nettbutikk\/produkt\/studioroof-yellow-butterfly\/\"]}]},{\"@type\":\"ImageObject\",\"inLanguage\":\"en-US\",\"@id\":\"https:\/\/www.afmuseet.no\/nettbutikk\/produkt\/studioroof-yellow-butterfly\/#primaryimage\",\"url\":\"https:\/\/www.afmuseet.no\/content\/uploads\/2020\/08\/Yellow-butterfly-hvit-vegg-2-scaled.jpg\",\"contentUrl\":\"https:\/\/www.afmuseet.no\/content\/uploads\/2020\/08\/Yellow-butterfly-hvit-vegg-2-scaled.jpg\",\"width\":2560,\"height\":2560},{\"@type\":\"BreadcrumbList\",\"@id\":\"https:\/\/www.afmuseet.no\/nettbutikk\/produkt\/studioroof-yellow-butterfly\/#breadcrumb\",\"itemListElement\":[{\"@type\":\"ListItem\",\"position\":1,\"name\":\"Hjem\",\"item\":\"https:\/\/www.afmuseet.no\/nettbutikk\/en\/\"},{\"@type\":\"ListItem\",\"position\":2,\"name\":\"Shop\",\"item\":\"https:\/\/www.afmuseet.no\/nettbutikk\/shop\/\"},{\"@type\":\"ListItem\",\"position\":3,\"name\":\"Studio ROOF &#8211; Gul Sommerfugl\"}]},{\"@type\":\"WebSite\",\"@id\":\"https:\/\/www.afmuseet.no\/nettbutikk\/#website\",\"url\":\"https:\/\/www.afmuseet.no\/nettbutikk\/\",\"name\":\"Astrup Fearnley Museet\",\"description\":\"\",\"potentialAction\":[{\"@type\":\"SearchAction\",\"target\":{\"@type\":\"EntryPoint\",\"urlTemplate\":\"https:\/\/www.afmuseet.no\/nettbutikk\/?s={search_term_string}\"},\"query-input\":{\"@type\":\"PropertyValueSpecification\",\"valueRequired\":true,\"valueName\":\"search_term_string\"}}],\"inLanguage\":\"en-US\"}]}<\/script>\n<!-- \/ Yoast SEO Premium plugin. -->","yoast_head_json":{"title":"Studio ROOF - Gul Sommerfugl &#8211; Astrup Fearnley Museet","description":"Legg til litt skj\u00f8nnhet i hjemmet med sommerfuglen sine lyse grafiske m\u00f8nstre, trykt p\u00e5 resirkulert papp med vegetabilsk blekk.","robots":{"index":"index","follow":"follow","max-snippet":"max-snippet:-1","max-image-preview":"max-image-preview:large","max-video-preview":"max-video-preview:-1"},"canonical":"https:\/\/www.afmuseet.no\/nettbutikk\/produkt\/studioroof-yellow-butterfly\/","og_locale":"en_US","og_type":"article","og_title":"Studio ROOF - Gul Sommerfugl","og_description":"Legg til litt skj\u00f8nnhet i hjemmet med sommerfuglen sine lyse grafiske m\u00f8nstre, trykt p\u00e5 resirkulert papp med vegetabilsk blekk.","og_url":"https:\/\/www.afmuseet.no\/nettbutikk\/produkt\/studioroof-yellow-butterfly\/","og_site_name":"Astrup Fearnley Museet","article_modified_time":"2024-10-20T13:31:19+00:00","og_image":[{"width":2560,"height":2560,"url":"https:\/\/www.afmuseet.no\/content\/uploads\/2020\/08\/Yellow-butterfly-hvit-vegg-2-scaled.jpg","type":"image\/jpeg"}],"twitter_card":"summary_large_image","schema":{"@context":"https:\/\/schema.org","@graph":[{"@type":"WebPage","@id":"https:\/\/www.afmuseet.no\/nettbutikk\/produkt\/studioroof-yellow-butterfly\/","url":"https:\/\/www.afmuseet.no\/nettbutikk\/produkt\/studioroof-yellow-butterfly\/","name":"Studio ROOF - Gul Sommerfugl &#8211; Astrup Fearnley Museet","isPartOf":{"@id":"https:\/\/www.afmuseet.no\/nettbutikk\/#website"},"primaryImageOfPage":{"@id":"https:\/\/www.afmuseet.no\/nettbutikk\/produkt\/studioroof-yellow-butterfly\/#primaryimage"},"image":{"@id":"https:\/\/www.afmuseet.no\/nettbutikk\/produkt\/studioroof-yellow-butterfly\/#primaryimage"},"thumbnailUrl":"https:\/\/www.afmuseet.no\/content\/uploads\/2020\/08\/Yellow-butterfly-hvit-vegg-2-scaled.jpg","datePublished":"2020-08-05T05:22:00+00:00","dateModified":"2024-10-20T13:31:19+00:00","description":"Legg til litt skj\u00f8nnhet i hjemmet med sommerfuglen sine lyse grafiske m\u00f8nstre, trykt p\u00e5 resirkulert papp med vegetabilsk blekk.","breadcrumb":{"@id":"https:\/\/www.afmuseet.no\/nettbutikk\/produkt\/studioroof-yellow-butterfly\/#breadcrumb"},"inLanguage":"en-US","potentialAction":[{"@type":"ReadAction","target":["https:\/\/www.afmuseet.no\/nettbutikk\/produkt\/studioroof-yellow-butterfly\/"]}]},{"@type":"ImageObject","inLanguage":"en-US","@id":"https:\/\/www.afmuseet.no\/nettbutikk\/produkt\/studioroof-yellow-butterfly\/#primaryimage","url":"https:\/\/www.afmuseet.no\/content\/uploads\/2020\/08\/Yellow-butterfly-hvit-vegg-2-scaled.jpg","contentUrl":"https:\/\/www.afmuseet.no\/content\/uploads\/2020\/08\/Yellow-butterfly-hvit-vegg-2-scaled.jpg","width":2560,"height":2560},{"@type":"BreadcrumbList","@id":"https:\/\/www.afmuseet.no\/nettbutikk\/produkt\/studioroof-yellow-butterfly\/#breadcrumb","itemListElement":[{"@type":"ListItem","position":1,"name":"Hjem","item":"https:\/\/www.afmuseet.no\/nettbutikk\/en\/"},{"@type":"ListItem","position":2,"name":"Shop","item":"https:\/\/www.afmuseet.no\/nettbutikk\/shop\/"},{"@type":"ListItem","position":3,"name":"Studio ROOF &#8211; Gul Sommerfugl"}]},{"@type":"WebSite","@id":"https:\/\/www.afmuseet.no\/nettbutikk\/#website","url":"https:\/\/www.afmuseet.no\/nettbutikk\/","name":"Astrup Fearnley Museet","description":"","potentialAction":[{"@type":"SearchAction","target":{"@type":"EntryPoint","urlTemplate":"https:\/\/www.afmuseet.no\/nettbutikk\/?s={search_term_string}"},"query-input":{"@type":"PropertyValueSpecification","valueRequired":true,"valueName":"search_term_string"}}],"inLanguage":"en-US"}]}},"acf":[],"lang":"nb","translations":{"nb":9997,"en":1922},"pll_sync_post":[],"_links":{"self":[{"href":"https:\/\/www.afmuseet.no\/nettbutikk\/wp-json\/wp\/v2\/product\/9997","targetHints":{"allow":["GET"]}}],"collection":[{"href":"https:\/\/www.afmuseet.no\/nettbutikk\/wp-json\/wp\/v2\/product"}],"about":[{"href":"https:\/\/www.afmuseet.no\/nettbutikk\/wp-json\/wp\/v2\/types\/product"}],"wp:featuredmedia":[{"embeddable":true,"href":"https:\/\/www.afmuseet.no\/nettbutikk\/wp-json\/wp\/v2\/media\/41705"}],"wp:attachment":[{"href":"https:\/\/www.afmuseet.no\/nettbutikk\/wp-json\/wp\/v2\/media?parent=9997"}],"wp:term":[{"taxonomy":"product_brand","embeddable":true,"href":"https:\/\/www.afmuseet.no\/nettbutikk\/wp-json\/wp\/v2\/product_brand?post=9997"},{"taxonomy":"product_cat","embeddable":true,"href":"https:\/\/www.afmuseet.no\/nettbutikk\/wp-json\/wp\/v2\/product_cat?post=9997"},{"taxonomy":"product_tag","embeddable":true,"href":"https:\/\/www.afmuseet.no\/nettbutikk\/wp-json\/wp\/v2\/product_tag?post=9997"}],"curies":[{"name":"wp","href":"https:\/\/api.w.org\/{rel}","templated":true}]}}