{"id":72988,"date":"2025-01-08T13:27:05","date_gmt":"2025-01-08T11:27:05","guid":{"rendered":"https:\/\/www.afmuseet.no\/nettbutikk\/?post_type=product&#038;p=72988"},"modified":"2025-10-19T15:59:16","modified_gmt":"2025-10-19T13:59:16","slug":"frida-orupabo-on-lies-secrets-and-silence","status":"publish","type":"product","link":"https:\/\/www.afmuseet.no\/nettbutikk\/en\/product\/frida-orupabo-on-lies-secrets-and-silence\/","title":{"rendered":"Frida Orupabo &#8211; On Lies, Secrets and Silence"},"content":{"rendered":"","protected":false},"excerpt":{"rendered":"<p>The richly illustrated catalogue Frida Orupabo: On Lies, Secrets and Silence offers critically and creative texts in response to the exhibition.<\/p>\n<p>The catalogue begins with an introduction by Yuvinka Medina (Senior Curator at Bonniers Konsthall) and Owen Martin (Curator at Astrup Fearnley Museum), who highlight the significance of the artist\u2019s early digital work and its relation to On Lies, Secrets and Silence. The catalogue also features original essays by Nina Cramer (PhD candidate at the University of Copenhagen, Department of Arts and Cultural Studies) and Mai Takawira (freelance curator and researcher), who explores the position of Orupabo\u2019s work within a Nordic context, as well as by Dr. Portia Malatjie (curator and lecturer in Visual Cultures at the Michaelis School of Fine Art, University of Cape Town), who considers the connections between race, discomfort and play. Additionally, C. LeClaire (poet and author) and Hilton Als (award-winning journalist, critic and curator) contribute creative, deeply personal texts that open up for singular readings of the exhibition. The design is by Gabrielle Guy. The catalogue is published in collaboration with Astrup Fearnley Museum and Skira Editore. It will also be published in a German edition in collaboration with Sprengel Museum Hannover and Stiftung Niedersachsen, coinciding with Frida Orupabo receiving the prestigious Spectrum International Prize for Photography in 2025.<\/p>\n<p>Curators and editors: Yuvinka Medina, Owen Martin<br \/>\nProject manager and proofreader: Bettina Schultz<br \/>\nTexts: Yuvinka Medina and Owen Martin; Nina Cramer and Mai Takawira; Dr. Portia Malatjie; C. LeClaire och Hilton Als<br \/>\nLanguage: English<br \/>\nBook Design: Gabrielle Guy<br \/>\n2024, 156 pages<br \/>\nISBN: 978-88-572-5310-7<\/p>\n","protected":false},"featured_media":73538,"template":"","meta":{"_acf_changed":false,"afm_hide_title":false,"_afm_post_new_title":"","afm_terms_sep_product_language":", ","afm_terms_sep_product_post_translations":", ","afm_terms_sep_product_product_brand":", ","afm_terms_sep_product_product_type":", ","afm_terms_sep_product_product_visibility":", ","afm_terms_sep_product_product_cat":", ","afm_terms_sep_product_product_tag":", ","afm_terms_sep_product_product_shipping_class":", ","afm_terms_sep_product_pos_product_visibility":", ","afm_terms_sep_product_pa_cindy-sherman-art-bag":", "},"product_brand":[],"product_cat":[172,92,95],"product_tag":[],"class_list":{"0":"post-72988","1":"product","2":"type-product","3":"status-publish","4":"has-post-thumbnail","6":"product_cat-3105-egne-kataloger","7":"product_cat-all-products","8":"product_cat-publications","9":"product_shipping_class-plakat","11":"first","12":"instock","13":"taxable","14":"shipping-taxable","15":"purchasable","16":"product-type-simple"},"group_of_quantity":0,"min_quantity":0,"max_quantity":"","exclude_order_quantity_value_rules":"no","exclude_category_quantity_rules":"no","combine_variations":"no","yoast_head":"<!-- This site is optimized with the Yoast SEO Premium plugin v26.9 (Yoast SEO v26.9) - https:\/\/yoast.com\/product\/yoast-seo-premium-wordpress\/ -->\n<title>Frida Orupabo - On Lies, Secrets and Silence &#8211; Astrup Fearnley Museet<\/title>\n<meta name=\"description\" content=\"Finn unike og eksklusive kunstrelaterte produkter p\u00e5 Astrup Fearnley Museet sin Nettbutikk. Utforsk v\u00e5rt utvalg av kunstb\u00f8ker, plakater og mer.\" \/>\n<meta name=\"robots\" content=\"index, follow, max-snippet:-1, max-image-preview:large, max-video-preview:-1\" \/>\n<link rel=\"canonical\" href=\"https:\/\/www.afmuseet.no\/nettbutikk\/en\/product\/frida-orupabo-on-lies-secrets-and-silence\/\" \/>\n<meta property=\"og:locale\" content=\"en_US\" \/>\n<meta property=\"og:type\" content=\"article\" \/>\n<meta property=\"og:title\" content=\"Frida Orupabo - On Lies, Secrets and Silence\" \/>\n<meta property=\"og:description\" content=\"Finn unike og eksklusive kunstrelaterte produkter p\u00e5 Astrup Fearnley Museet sin Nettbutikk. Utforsk v\u00e5rt utvalg av kunstb\u00f8ker, plakater og mer.\" \/>\n<meta property=\"og:url\" content=\"https:\/\/www.afmuseet.no\/nettbutikk\/en\/product\/frida-orupabo-on-lies-secrets-and-silence\/\" \/>\n<meta property=\"og:site_name\" content=\"Astrup Fearnley Museet\" \/>\n<meta property=\"article:modified_time\" content=\"2025-10-19T13:59:16+00:00\" \/>\n<meta property=\"og:image\" content=\"https:\/\/www.afmuseet.no\/content\/uploads\/2025\/01\/DSC05931-scaled-square.jpg\" \/>\n\t<meta property=\"og:image:width\" content=\"1707\" \/>\n\t<meta property=\"og:image:height\" content=\"1707\" \/>\n\t<meta property=\"og:image:type\" content=\"image\/jpeg\" \/>\n<meta name=\"twitter:card\" content=\"summary_large_image\" \/>\n<script type=\"application\/ld+json\" class=\"yoast-schema-graph\">{\"@context\":\"https:\/\/schema.org\",\"@graph\":[{\"@type\":\"WebPage\",\"@id\":\"https:\/\/www.afmuseet.no\/nettbutikk\/en\/product\/frida-orupabo-on-lies-secrets-and-silence\/\",\"url\":\"https:\/\/www.afmuseet.no\/nettbutikk\/en\/product\/frida-orupabo-on-lies-secrets-and-silence\/\",\"name\":\"Frida Orupabo - On Lies, Secrets and Silence &#8211; Astrup Fearnley Museet\",\"isPartOf\":{\"@id\":\"https:\/\/www.afmuseet.no\/nettbutikk\/#website\"},\"primaryImageOfPage\":{\"@id\":\"https:\/\/www.afmuseet.no\/nettbutikk\/en\/product\/frida-orupabo-on-lies-secrets-and-silence\/#primaryimage\"},\"image\":{\"@id\":\"https:\/\/www.afmuseet.no\/nettbutikk\/en\/product\/frida-orupabo-on-lies-secrets-and-silence\/#primaryimage\"},\"thumbnailUrl\":\"https:\/\/www.afmuseet.no\/content\/uploads\/2025\/01\/DSC05931-scaled-square.jpg\",\"datePublished\":\"2025-01-08T11:27:05+00:00\",\"dateModified\":\"2025-10-19T13:59:16+00:00\",\"description\":\"Finn unike og eksklusive kunstrelaterte produkter p\u00e5 Astrup Fearnley Museet sin Nettbutikk. Utforsk v\u00e5rt utvalg av kunstb\u00f8ker, plakater og mer.\",\"breadcrumb\":{\"@id\":\"https:\/\/www.afmuseet.no\/nettbutikk\/en\/product\/frida-orupabo-on-lies-secrets-and-silence\/#breadcrumb\"},\"inLanguage\":\"en-US\",\"potentialAction\":[{\"@type\":\"ReadAction\",\"target\":[\"https:\/\/www.afmuseet.no\/nettbutikk\/en\/product\/frida-orupabo-on-lies-secrets-and-silence\/\"]}]},{\"@type\":\"ImageObject\",\"inLanguage\":\"en-US\",\"@id\":\"https:\/\/www.afmuseet.no\/nettbutikk\/en\/product\/frida-orupabo-on-lies-secrets-and-silence\/#primaryimage\",\"url\":\"https:\/\/www.afmuseet.no\/content\/uploads\/2025\/01\/DSC05931-scaled-square.jpg\",\"contentUrl\":\"https:\/\/www.afmuseet.no\/content\/uploads\/2025\/01\/DSC05931-scaled-square.jpg\",\"width\":1707,\"height\":1707},{\"@type\":\"BreadcrumbList\",\"@id\":\"https:\/\/www.afmuseet.no\/nettbutikk\/en\/product\/frida-orupabo-on-lies-secrets-and-silence\/#breadcrumb\",\"itemListElement\":[{\"@type\":\"ListItem\",\"position\":1,\"name\":\"Hjem\",\"item\":\"https:\/\/www.afmuseet.no\/nettbutikk\/en\/\"},{\"@type\":\"ListItem\",\"position\":2,\"name\":\"Shop\",\"item\":\"https:\/\/www.afmuseet.no\/nettbutikk\/shop\/\"},{\"@type\":\"ListItem\",\"position\":3,\"name\":\"Frida Orupabo &#8211; On Lies, Secrets and Silence\"}]},{\"@type\":\"WebSite\",\"@id\":\"https:\/\/www.afmuseet.no\/nettbutikk\/#website\",\"url\":\"https:\/\/www.afmuseet.no\/nettbutikk\/\",\"name\":\"Astrup Fearnley Museet\",\"description\":\"\",\"potentialAction\":[{\"@type\":\"SearchAction\",\"target\":{\"@type\":\"EntryPoint\",\"urlTemplate\":\"https:\/\/www.afmuseet.no\/nettbutikk\/?s={search_term_string}\"},\"query-input\":{\"@type\":\"PropertyValueSpecification\",\"valueRequired\":true,\"valueName\":\"search_term_string\"}}],\"inLanguage\":\"en-US\"}]}<\/script>\n<!-- \/ Yoast SEO Premium plugin. -->","yoast_head_json":{"title":"Frida Orupabo - On Lies, Secrets and Silence &#8211; Astrup Fearnley Museet","description":"Finn unike og eksklusive kunstrelaterte produkter p\u00e5 Astrup Fearnley Museet sin Nettbutikk. Utforsk v\u00e5rt utvalg av kunstb\u00f8ker, plakater og mer.","robots":{"index":"index","follow":"follow","max-snippet":"max-snippet:-1","max-image-preview":"max-image-preview:large","max-video-preview":"max-video-preview:-1"},"canonical":"https:\/\/www.afmuseet.no\/nettbutikk\/en\/product\/frida-orupabo-on-lies-secrets-and-silence\/","og_locale":"en_US","og_type":"article","og_title":"Frida Orupabo - On Lies, Secrets and Silence","og_description":"Finn unike og eksklusive kunstrelaterte produkter p\u00e5 Astrup Fearnley Museet sin Nettbutikk. Utforsk v\u00e5rt utvalg av kunstb\u00f8ker, plakater og mer.","og_url":"https:\/\/www.afmuseet.no\/nettbutikk\/en\/product\/frida-orupabo-on-lies-secrets-and-silence\/","og_site_name":"Astrup Fearnley Museet","article_modified_time":"2025-10-19T13:59:16+00:00","og_image":[{"width":1707,"height":1707,"url":"https:\/\/www.afmuseet.no\/content\/uploads\/2025\/01\/DSC05931-scaled-square.jpg","type":"image\/jpeg"}],"twitter_card":"summary_large_image","schema":{"@context":"https:\/\/schema.org","@graph":[{"@type":"WebPage","@id":"https:\/\/www.afmuseet.no\/nettbutikk\/en\/product\/frida-orupabo-on-lies-secrets-and-silence\/","url":"https:\/\/www.afmuseet.no\/nettbutikk\/en\/product\/frida-orupabo-on-lies-secrets-and-silence\/","name":"Frida Orupabo - On Lies, Secrets and Silence &#8211; Astrup Fearnley Museet","isPartOf":{"@id":"https:\/\/www.afmuseet.no\/nettbutikk\/#website"},"primaryImageOfPage":{"@id":"https:\/\/www.afmuseet.no\/nettbutikk\/en\/product\/frida-orupabo-on-lies-secrets-and-silence\/#primaryimage"},"image":{"@id":"https:\/\/www.afmuseet.no\/nettbutikk\/en\/product\/frida-orupabo-on-lies-secrets-and-silence\/#primaryimage"},"thumbnailUrl":"https:\/\/www.afmuseet.no\/content\/uploads\/2025\/01\/DSC05931-scaled-square.jpg","datePublished":"2025-01-08T11:27:05+00:00","dateModified":"2025-10-19T13:59:16+00:00","description":"Finn unike og eksklusive kunstrelaterte produkter p\u00e5 Astrup Fearnley Museet sin Nettbutikk. Utforsk v\u00e5rt utvalg av kunstb\u00f8ker, plakater og mer.","breadcrumb":{"@id":"https:\/\/www.afmuseet.no\/nettbutikk\/en\/product\/frida-orupabo-on-lies-secrets-and-silence\/#breadcrumb"},"inLanguage":"en-US","potentialAction":[{"@type":"ReadAction","target":["https:\/\/www.afmuseet.no\/nettbutikk\/en\/product\/frida-orupabo-on-lies-secrets-and-silence\/"]}]},{"@type":"ImageObject","inLanguage":"en-US","@id":"https:\/\/www.afmuseet.no\/nettbutikk\/en\/product\/frida-orupabo-on-lies-secrets-and-silence\/#primaryimage","url":"https:\/\/www.afmuseet.no\/content\/uploads\/2025\/01\/DSC05931-scaled-square.jpg","contentUrl":"https:\/\/www.afmuseet.no\/content\/uploads\/2025\/01\/DSC05931-scaled-square.jpg","width":1707,"height":1707},{"@type":"BreadcrumbList","@id":"https:\/\/www.afmuseet.no\/nettbutikk\/en\/product\/frida-orupabo-on-lies-secrets-and-silence\/#breadcrumb","itemListElement":[{"@type":"ListItem","position":1,"name":"Hjem","item":"https:\/\/www.afmuseet.no\/nettbutikk\/en\/"},{"@type":"ListItem","position":2,"name":"Shop","item":"https:\/\/www.afmuseet.no\/nettbutikk\/shop\/"},{"@type":"ListItem","position":3,"name":"Frida Orupabo &#8211; On Lies, Secrets and Silence"}]},{"@type":"WebSite","@id":"https:\/\/www.afmuseet.no\/nettbutikk\/#website","url":"https:\/\/www.afmuseet.no\/nettbutikk\/","name":"Astrup Fearnley Museet","description":"","potentialAction":[{"@type":"SearchAction","target":{"@type":"EntryPoint","urlTemplate":"https:\/\/www.afmuseet.no\/nettbutikk\/?s={search_term_string}"},"query-input":{"@type":"PropertyValueSpecification","valueRequired":true,"valueName":"search_term_string"}}],"inLanguage":"en-US"}]}},"acf":[],"lang":"en","translations":{"en":72988,"nb":73550},"pll_sync_post":[],"_links":{"self":[{"href":"https:\/\/www.afmuseet.no\/nettbutikk\/wp-json\/wp\/v2\/product\/72988","targetHints":{"allow":["GET"]}}],"collection":[{"href":"https:\/\/www.afmuseet.no\/nettbutikk\/wp-json\/wp\/v2\/product"}],"about":[{"href":"https:\/\/www.afmuseet.no\/nettbutikk\/wp-json\/wp\/v2\/types\/product"}],"wp:featuredmedia":[{"embeddable":true,"href":"https:\/\/www.afmuseet.no\/nettbutikk\/wp-json\/wp\/v2\/media\/73538"}],"wp:attachment":[{"href":"https:\/\/www.afmuseet.no\/nettbutikk\/wp-json\/wp\/v2\/media?parent=72988"}],"wp:term":[{"taxonomy":"product_brand","embeddable":true,"href":"https:\/\/www.afmuseet.no\/nettbutikk\/wp-json\/wp\/v2\/product_brand?post=72988"},{"taxonomy":"product_cat","embeddable":true,"href":"https:\/\/www.afmuseet.no\/nettbutikk\/wp-json\/wp\/v2\/product_cat?post=72988"},{"taxonomy":"product_tag","embeddable":true,"href":"https:\/\/www.afmuseet.no\/nettbutikk\/wp-json\/wp\/v2\/product_tag?post=72988"}],"curies":[{"name":"wp","href":"https:\/\/api.w.org\/{rel}","templated":true}]}}