{"id":72296,"date":"2024-11-08T12:09:50","date_gmt":"2024-11-08T10:09:50","guid":{"rendered":"https:\/\/www.afmuseet.no\/nettbutikk\/?post_type=product&#038;p=72296"},"modified":"2026-04-16T16:50:09","modified_gmt":"2026-04-16T14:50:09","slug":"synnove-anker-aurdal-through-the-threads-2","status":"publish","type":"product","link":"https:\/\/www.afmuseet.no\/nettbutikk\/en\/product\/synnove-anker-aurdal-through-the-threads-2\/","title":{"rendered":"Synn\u00f8ve Anker Aurdal &#8211; Through the Threads"},"content":{"rendered":"<p><strong>Editors<\/strong>: Lars Bang Larsen, Solveig \u00d8vsteb\u00f8<br \/>\n<strong>Contributors<\/strong>: Lars Bang Larsen, Marit Paasche, Jenni Sorkin, Leire Vergara, Solveig \u00d8vsteb\u00f8<br \/>\n<strong>Design<\/strong>: Johannes Barlaup Jellum, Sandra Stokka<br \/>\n<strong>Format<\/strong>: Hardcover, 235 x 315 mm<br \/>\n<strong>Language<\/strong>: Norwegian and English<br \/>\n<strong>Pages<\/strong>: 258<br \/>\n<strong>ISBN<\/strong>: 9788293654223<br \/>\n<strong>Published by<\/strong>: Astrup Fearnley Museet and Mousse Publishing, 2024<\/p>\n","protected":false},"excerpt":{"rendered":"<p>\u00abI could not have become an artist in any other way than through the threads.\u00bb<br \/>\n\u2013 Synn\u00f8ve Anker Aurdal<\/p>\n<p>By combining traditional craft techniques and the language of painterly abstraction,\u00a0<strong>Synn\u00f8ve Anker Aurdal<\/strong>\u00a0(1908-2000) reinvented tapestry-making and created a new space for modern textile art. Her works took on a singular and effervescent character by featuring materials such as copper thread, polyester, fiberglass, nylon, metal chains and \u2013 most controversially \u2013 synthetic dyes. Despite a thriving career and frequent media presence in Norway, the fact that Anker Aurdal was a woman with no academic artistic education, working in feminized artistic media, shaped her trajectory and the reception of her work. As the most comprehensive monograph on Anker Aurdal\u2019s work to date,\u00a0<em>Through the Threads<\/em>\u00a0writes a new, and sorely missing, chapter on the oeuvre and six-decade career of this pioneering artist.<\/p>\n<p>The book compiles newly commissioned texts by Lars Bang Larsen, Marit Paasche, Jenni Sorkin, Leire Vergara, and an interview by Solveig \u00d8vsteb\u00f8 with Siri Aurdal, Anker Aurdal\u2019s daughter. Included as a book-within-the-book is\u00a0<em>Poems to Synn\u00f8ve Anker Aurdal<\/em>, a collection of newly commissioned poems originally published for the exhibition at Astrup Fearnley Museet. The book is richly illustrated with images from the exhibition and archive photos of Synn\u00f8ve Anker Aurdal. All texts are in English and Norwegian.<em>\u00a0Through the Threads<\/em>\u00a0is a printed sequel to the retrospective exhibition\u00a0<em>Synn\u00f8ve Anker Aurdal<\/em>,\u00a0held at Astrup Fearnley Museet in 2022.<\/p>\n<p>Published by Astrup Fearnley Museet and Mousse Publishing, 2024<\/p>\n","protected":false},"featured_media":76803,"template":"","meta":{"_acf_changed":false,"afm_hide_title":false,"_afm_post_new_title":"","afm_terms_sep_product_language":", ","afm_terms_sep_product_post_translations":", ","afm_terms_sep_product_product_brand":", ","afm_terms_sep_product_product_type":", ","afm_terms_sep_product_product_visibility":", ","afm_terms_sep_product_product_cat":", ","afm_terms_sep_product_product_tag":", ","afm_terms_sep_product_product_shipping_class":", ","afm_terms_sep_product_pos_product_visibility":", ","afm_terms_sep_product_pa_cindy-sherman-art-bag":", "},"product_brand":[],"product_cat":[111,95],"product_tag":[],"class_list":{"0":"post-72296","1":"product","2":"type-product","3":"status-publish","4":"has-post-thumbnail","6":"product_cat-exhibition-catalogues-books","7":"product_cat-publications","8":"product_shipping_class-bok-over-2-kg","10":"first","11":"instock","12":"taxable","13":"shipping-taxable","14":"purchasable","15":"product-type-simple"},"group_of_quantity":0,"min_quantity":0,"max_quantity":"","exclude_order_quantity_value_rules":"no","exclude_category_quantity_rules":"no","combine_variations":"no","yoast_head":"<!-- This site is optimized with the Yoast SEO Premium plugin v26.9 (Yoast SEO v26.9) - https:\/\/yoast.com\/product\/yoast-seo-premium-wordpress\/ -->\n<title>Synn\u00f8ve Anker Aurdal - Through the Threads &#8211; Astrup Fearnley Museet<\/title>\n<meta name=\"description\" content=\"Finn unike og eksklusive kunstrelaterte produkter p\u00e5 Astrup Fearnley Museet sin Nettbutikk. Utforsk v\u00e5rt utvalg av kunstb\u00f8ker, plakater og mer.\" \/>\n<meta name=\"robots\" content=\"index, follow, max-snippet:-1, max-image-preview:large, max-video-preview:-1\" \/>\n<link rel=\"canonical\" href=\"https:\/\/www.afmuseet.no\/nettbutikk\/en\/product\/synnove-anker-aurdal-through-the-threads-2\/\" \/>\n<meta property=\"og:locale\" content=\"en_US\" \/>\n<meta property=\"og:type\" content=\"article\" \/>\n<meta property=\"og:title\" content=\"Synn\u00f8ve Anker Aurdal - Through the Threads\" \/>\n<meta property=\"og:description\" content=\"Finn unike og eksklusive kunstrelaterte produkter p\u00e5 Astrup Fearnley Museet sin Nettbutikk. Utforsk v\u00e5rt utvalg av kunstb\u00f8ker, plakater og mer.\" \/>\n<meta property=\"og:url\" content=\"https:\/\/www.afmuseet.no\/nettbutikk\/en\/product\/synnove-anker-aurdal-through-the-threads-2\/\" \/>\n<meta property=\"og:site_name\" content=\"Astrup Fearnley Museet\" \/>\n<meta property=\"article:modified_time\" content=\"2026-04-16T14:50:09+00:00\" \/>\n<meta property=\"og:image\" content=\"https:\/\/www.afmuseet.no\/content\/uploads\/2025\/05\/DTky7mkCEeq9Twaykh0CYA-SQE0OsEtEe-concGQO5dzw.jpeg\" \/>\n\t<meta property=\"og:image:width\" content=\"2000\" \/>\n\t<meta property=\"og:image:height\" content=\"2000\" \/>\n\t<meta property=\"og:image:type\" content=\"image\/jpeg\" \/>\n<meta name=\"twitter:card\" content=\"summary_large_image\" \/>\n<meta name=\"twitter:label1\" content=\"Est. reading time\" \/>\n\t<meta name=\"twitter:data1\" content=\"1 minute\" \/>\n<script type=\"application\/ld+json\" class=\"yoast-schema-graph\">{\"@context\":\"https:\/\/schema.org\",\"@graph\":[{\"@type\":\"WebPage\",\"@id\":\"https:\/\/www.afmuseet.no\/nettbutikk\/en\/product\/synnove-anker-aurdal-through-the-threads-2\/\",\"url\":\"https:\/\/www.afmuseet.no\/nettbutikk\/en\/product\/synnove-anker-aurdal-through-the-threads-2\/\",\"name\":\"Synn\u00f8ve Anker Aurdal - Through the Threads &#8211; Astrup Fearnley Museet\",\"isPartOf\":{\"@id\":\"https:\/\/www.afmuseet.no\/nettbutikk\/#website\"},\"primaryImageOfPage\":{\"@id\":\"https:\/\/www.afmuseet.no\/nettbutikk\/en\/product\/synnove-anker-aurdal-through-the-threads-2\/#primaryimage\"},\"image\":{\"@id\":\"https:\/\/www.afmuseet.no\/nettbutikk\/en\/product\/synnove-anker-aurdal-through-the-threads-2\/#primaryimage\"},\"thumbnailUrl\":\"https:\/\/www.afmuseet.no\/content\/uploads\/2025\/05\/DTky7mkCEeq9Twaykh0CYA-SQE0OsEtEe-concGQO5dzw.jpeg\",\"datePublished\":\"2024-11-08T10:09:50+00:00\",\"dateModified\":\"2026-04-16T14:50:09+00:00\",\"description\":\"Finn unike og eksklusive kunstrelaterte produkter p\u00e5 Astrup Fearnley Museet sin Nettbutikk. Utforsk v\u00e5rt utvalg av kunstb\u00f8ker, plakater og mer.\",\"breadcrumb\":{\"@id\":\"https:\/\/www.afmuseet.no\/nettbutikk\/en\/product\/synnove-anker-aurdal-through-the-threads-2\/#breadcrumb\"},\"inLanguage\":\"en-US\",\"potentialAction\":[{\"@type\":\"ReadAction\",\"target\":[\"https:\/\/www.afmuseet.no\/nettbutikk\/en\/product\/synnove-anker-aurdal-through-the-threads-2\/\"]}]},{\"@type\":\"ImageObject\",\"inLanguage\":\"en-US\",\"@id\":\"https:\/\/www.afmuseet.no\/nettbutikk\/en\/product\/synnove-anker-aurdal-through-the-threads-2\/#primaryimage\",\"url\":\"https:\/\/www.afmuseet.no\/content\/uploads\/2025\/05\/DTky7mkCEeq9Twaykh0CYA-SQE0OsEtEe-concGQO5dzw.jpeg\",\"contentUrl\":\"https:\/\/www.afmuseet.no\/content\/uploads\/2025\/05\/DTky7mkCEeq9Twaykh0CYA-SQE0OsEtEe-concGQO5dzw.jpeg\",\"width\":2000,\"height\":2000},{\"@type\":\"BreadcrumbList\",\"@id\":\"https:\/\/www.afmuseet.no\/nettbutikk\/en\/product\/synnove-anker-aurdal-through-the-threads-2\/#breadcrumb\",\"itemListElement\":[{\"@type\":\"ListItem\",\"position\":1,\"name\":\"Hjem\",\"item\":\"https:\/\/www.afmuseet.no\/nettbutikk\/en\/\"},{\"@type\":\"ListItem\",\"position\":2,\"name\":\"Shop\",\"item\":\"https:\/\/www.afmuseet.no\/nettbutikk\/shop\/\"},{\"@type\":\"ListItem\",\"position\":3,\"name\":\"Synn\u00f8ve Anker Aurdal &#8211; Through the Threads\"}]},{\"@type\":\"WebSite\",\"@id\":\"https:\/\/www.afmuseet.no\/nettbutikk\/#website\",\"url\":\"https:\/\/www.afmuseet.no\/nettbutikk\/\",\"name\":\"Astrup Fearnley Museet\",\"description\":\"\",\"potentialAction\":[{\"@type\":\"SearchAction\",\"target\":{\"@type\":\"EntryPoint\",\"urlTemplate\":\"https:\/\/www.afmuseet.no\/nettbutikk\/?s={search_term_string}\"},\"query-input\":{\"@type\":\"PropertyValueSpecification\",\"valueRequired\":true,\"valueName\":\"search_term_string\"}}],\"inLanguage\":\"en-US\"}]}<\/script>\n<!-- \/ Yoast SEO Premium plugin. -->","yoast_head_json":{"title":"Synn\u00f8ve Anker Aurdal - Through the Threads &#8211; Astrup Fearnley Museet","description":"Finn unike og eksklusive kunstrelaterte produkter p\u00e5 Astrup Fearnley Museet sin Nettbutikk. Utforsk v\u00e5rt utvalg av kunstb\u00f8ker, plakater og mer.","robots":{"index":"index","follow":"follow","max-snippet":"max-snippet:-1","max-image-preview":"max-image-preview:large","max-video-preview":"max-video-preview:-1"},"canonical":"https:\/\/www.afmuseet.no\/nettbutikk\/en\/product\/synnove-anker-aurdal-through-the-threads-2\/","og_locale":"en_US","og_type":"article","og_title":"Synn\u00f8ve Anker Aurdal - Through the Threads","og_description":"Finn unike og eksklusive kunstrelaterte produkter p\u00e5 Astrup Fearnley Museet sin Nettbutikk. Utforsk v\u00e5rt utvalg av kunstb\u00f8ker, plakater og mer.","og_url":"https:\/\/www.afmuseet.no\/nettbutikk\/en\/product\/synnove-anker-aurdal-through-the-threads-2\/","og_site_name":"Astrup Fearnley Museet","article_modified_time":"2026-04-16T14:50:09+00:00","og_image":[{"width":2000,"height":2000,"url":"https:\/\/www.afmuseet.no\/content\/uploads\/2025\/05\/DTky7mkCEeq9Twaykh0CYA-SQE0OsEtEe-concGQO5dzw.jpeg","type":"image\/jpeg"}],"twitter_card":"summary_large_image","twitter_misc":{"Est. reading time":"1 minute"},"schema":{"@context":"https:\/\/schema.org","@graph":[{"@type":"WebPage","@id":"https:\/\/www.afmuseet.no\/nettbutikk\/en\/product\/synnove-anker-aurdal-through-the-threads-2\/","url":"https:\/\/www.afmuseet.no\/nettbutikk\/en\/product\/synnove-anker-aurdal-through-the-threads-2\/","name":"Synn\u00f8ve Anker Aurdal - Through the Threads &#8211; Astrup Fearnley Museet","isPartOf":{"@id":"https:\/\/www.afmuseet.no\/nettbutikk\/#website"},"primaryImageOfPage":{"@id":"https:\/\/www.afmuseet.no\/nettbutikk\/en\/product\/synnove-anker-aurdal-through-the-threads-2\/#primaryimage"},"image":{"@id":"https:\/\/www.afmuseet.no\/nettbutikk\/en\/product\/synnove-anker-aurdal-through-the-threads-2\/#primaryimage"},"thumbnailUrl":"https:\/\/www.afmuseet.no\/content\/uploads\/2025\/05\/DTky7mkCEeq9Twaykh0CYA-SQE0OsEtEe-concGQO5dzw.jpeg","datePublished":"2024-11-08T10:09:50+00:00","dateModified":"2026-04-16T14:50:09+00:00","description":"Finn unike og eksklusive kunstrelaterte produkter p\u00e5 Astrup Fearnley Museet sin Nettbutikk. Utforsk v\u00e5rt utvalg av kunstb\u00f8ker, plakater og mer.","breadcrumb":{"@id":"https:\/\/www.afmuseet.no\/nettbutikk\/en\/product\/synnove-anker-aurdal-through-the-threads-2\/#breadcrumb"},"inLanguage":"en-US","potentialAction":[{"@type":"ReadAction","target":["https:\/\/www.afmuseet.no\/nettbutikk\/en\/product\/synnove-anker-aurdal-through-the-threads-2\/"]}]},{"@type":"ImageObject","inLanguage":"en-US","@id":"https:\/\/www.afmuseet.no\/nettbutikk\/en\/product\/synnove-anker-aurdal-through-the-threads-2\/#primaryimage","url":"https:\/\/www.afmuseet.no\/content\/uploads\/2025\/05\/DTky7mkCEeq9Twaykh0CYA-SQE0OsEtEe-concGQO5dzw.jpeg","contentUrl":"https:\/\/www.afmuseet.no\/content\/uploads\/2025\/05\/DTky7mkCEeq9Twaykh0CYA-SQE0OsEtEe-concGQO5dzw.jpeg","width":2000,"height":2000},{"@type":"BreadcrumbList","@id":"https:\/\/www.afmuseet.no\/nettbutikk\/en\/product\/synnove-anker-aurdal-through-the-threads-2\/#breadcrumb","itemListElement":[{"@type":"ListItem","position":1,"name":"Hjem","item":"https:\/\/www.afmuseet.no\/nettbutikk\/en\/"},{"@type":"ListItem","position":2,"name":"Shop","item":"https:\/\/www.afmuseet.no\/nettbutikk\/shop\/"},{"@type":"ListItem","position":3,"name":"Synn\u00f8ve Anker Aurdal &#8211; Through the Threads"}]},{"@type":"WebSite","@id":"https:\/\/www.afmuseet.no\/nettbutikk\/#website","url":"https:\/\/www.afmuseet.no\/nettbutikk\/","name":"Astrup Fearnley Museet","description":"","potentialAction":[{"@type":"SearchAction","target":{"@type":"EntryPoint","urlTemplate":"https:\/\/www.afmuseet.no\/nettbutikk\/?s={search_term_string}"},"query-input":{"@type":"PropertyValueSpecification","valueRequired":true,"valueName":"search_term_string"}}],"inLanguage":"en-US"}]}},"acf":[],"lang":"en","translations":{"en":72296,"nb":70645},"pll_sync_post":[],"_links":{"self":[{"href":"https:\/\/www.afmuseet.no\/nettbutikk\/wp-json\/wp\/v2\/product\/72296","targetHints":{"allow":["GET"]}}],"collection":[{"href":"https:\/\/www.afmuseet.no\/nettbutikk\/wp-json\/wp\/v2\/product"}],"about":[{"href":"https:\/\/www.afmuseet.no\/nettbutikk\/wp-json\/wp\/v2\/types\/product"}],"wp:featuredmedia":[{"embeddable":true,"href":"https:\/\/www.afmuseet.no\/nettbutikk\/wp-json\/wp\/v2\/media\/76803"}],"wp:attachment":[{"href":"https:\/\/www.afmuseet.no\/nettbutikk\/wp-json\/wp\/v2\/media?parent=72296"}],"wp:term":[{"taxonomy":"product_brand","embeddable":true,"href":"https:\/\/www.afmuseet.no\/nettbutikk\/wp-json\/wp\/v2\/product_brand?post=72296"},{"taxonomy":"product_cat","embeddable":true,"href":"https:\/\/www.afmuseet.no\/nettbutikk\/wp-json\/wp\/v2\/product_cat?post=72296"},{"taxonomy":"product_tag","embeddable":true,"href":"https:\/\/www.afmuseet.no\/nettbutikk\/wp-json\/wp\/v2\/product_tag?post=72296"}],"curies":[{"name":"wp","href":"https:\/\/api.w.org\/{rel}","templated":true}]}}