{"id":35708,"date":"2022-09-28T10:42:36","date_gmt":"2022-09-28T09:42:36","guid":{"rendered":"https:\/\/www.afmuseet.no\/nettbutikk\/?post_type=product&#038;p=35708"},"modified":"2023-10-02T14:59:56","modified_gmt":"2023-10-02T13:59:56","slug":"365-days-of-kawaii-how-to-draw-cute-stuff-every-day-of-the-year","status":"publish","type":"product","link":"https:\/\/www.afmuseet.no\/nettbutikk\/en\/product\/365-days-of-kawaii-how-to-draw-cute-stuff-every-day-of-the-year\/","title":{"rendered":"365 Days of Kawaii: How to Draw Cute Stuff Every Day of the Year"},"content":{"rendered":"<p>In the kawaii universe, everything is small and cute. Just by adding eyes and a mouth, even the most mundane object can be brought to life and become an adorable character&#8230; umbrellas smile, cupcakes wink, chairs snooze and pencils laugh.<br \/>\nLearn the secrets of kawaii drawing, from getting the right proportions to creating personality with different facial expressions and adding depth with layers of colour. Then follow 365 step-by-step sequences showing you exactly how to build up a huge range of motifs, starting with simple shapes and progressing to add details and colours. Each sequence is entirely visual, with no complicated instructions to read, so it really is easy to create your own kawaii characters straight away. All you need is paper and some pens!<br \/>\nThemes featured include animals, food, plants, clothes, household objects, musical instruments, people, vehicles, buildings and landmarks, weather icons and even space motifs.<br \/>\nInside you&#8217;ll find an array of animals such as a singing bee, a giggling ladybird, a sweet swan, a cute penguin, a hungry hamster, a cheeky monkey, a stinky skunk and a red-nosed reindeer. There are also plants and flowers, all with their own adorable kawaii features, including a lily pad, rose, sunflower, daisy and dandelion.<br \/>\nBe tempted by a range of tasty treats, like fried eggs, hot dogs, pizza, cupcakes, croissants and sweets, as well as various colourful fruits and vegetables. Even some everyday household objects, such as a fridge, bed, bathtub and armchair, have been given the kawaii treatment!<br \/>\nThere&#8217;s something for every season, with a selection of weather and holiday-themed motifs. You&#8217;ll love recreating famous landmarks like Big Ben, the Eiffel Tower and the Statue of Liberty in cute kawaii style too! With this huge selection, you&#8217;re bound to find the perfect design for any occasion!<br \/>\nThis adorable value-packed book will entertain endlessly and let you embrace the Japanese culture of cuteness every day of the year.<\/p>\n<p>Forfatter: Mayumi Jezewski<br \/>\nISBN: 9781446308752<br \/>\nSpr\u00e5k: Engelsk<br \/>\nUtgitt: 2021-04-13<br \/>\nForlag: David Charles<br \/>\nAntall sider: 368<\/p>\n","protected":false},"excerpt":{"rendered":"<p>Draw the cutest kawaii pictures every day for a whole year and never be bored again! This fun book for the young, and young at heart, covers the widest range of kawaii motifs ever \u2013 365 of them no less!<\/p>\n","protected":false},"featured_media":40594,"template":"","meta":{"_acf_changed":false,"afm_hide_title":false,"_afm_post_new_title":"","afm_terms_sep_product_language":", ","afm_terms_sep_product_post_translations":", ","afm_terms_sep_product_product_brand":", ","afm_terms_sep_product_product_type":", ","afm_terms_sep_product_product_visibility":", ","afm_terms_sep_product_product_cat":", ","afm_terms_sep_product_product_tag":", ","afm_terms_sep_product_product_shipping_class":", ","afm_terms_sep_product_pos_product_visibility":", ","afm_terms_sep_product_pa_cindy-sherman-art-bag":", "},"product_brand":[],"product_cat":[173],"product_tag":[],"class_list":{"0":"post-35708","1":"product","2":"type-product","3":"status-publish","4":"has-post-thumbnail","6":"product_cat-3106-anskaffede-boker","8":"first","9":"outofstock","10":"taxable","11":"shipping-taxable","12":"purchasable","13":"product-type-simple"},"group_of_quantity":0,"min_quantity":0,"max_quantity":"","exclude_order_quantity_value_rules":"no","exclude_category_quantity_rules":"no","combine_variations":"no","yoast_head":"<!-- This site is optimized with the Yoast SEO Premium plugin v26.9 (Yoast SEO v26.9) - https:\/\/yoast.com\/product\/yoast-seo-premium-wordpress\/ -->\n<title>365 Days of Kawaii: How to Draw Cute Stuff Every Day of the Year &#8211; Astrup Fearnley Museet<\/title>\n<meta name=\"description\" content=\"Finn unike og eksklusive kunstrelaterte produkter p\u00e5 Astrup Fearnley Museet sin Nettbutikk. Utforsk v\u00e5rt utvalg av kunstb\u00f8ker, plakater og mer.\" \/>\n<meta name=\"robots\" content=\"index, follow, max-snippet:-1, max-image-preview:large, max-video-preview:-1\" \/>\n<link rel=\"canonical\" href=\"https:\/\/www.afmuseet.no\/nettbutikk\/en\/product\/365-days-of-kawaii-how-to-draw-cute-stuff-every-day-of-the-year\/\" \/>\n<meta property=\"og:locale\" content=\"en_US\" \/>\n<meta property=\"og:type\" content=\"article\" \/>\n<meta property=\"og:title\" content=\"365 Days of Kawaii: How to Draw Cute Stuff Every Day of the Year\" \/>\n<meta property=\"og:description\" content=\"Finn unike og eksklusive kunstrelaterte produkter p\u00e5 Astrup Fearnley Museet sin Nettbutikk. Utforsk v\u00e5rt utvalg av kunstb\u00f8ker, plakater og mer.\" \/>\n<meta property=\"og:url\" content=\"https:\/\/www.afmuseet.no\/nettbutikk\/en\/product\/365-days-of-kawaii-how-to-draw-cute-stuff-every-day-of-the-year\/\" \/>\n<meta property=\"og:site_name\" content=\"Astrup Fearnley Museet\" \/>\n<meta property=\"article:modified_time\" content=\"2023-10-02T13:59:56+00:00\" \/>\n<meta property=\"og:image\" content=\"https:\/\/www.afmuseet.no\/content\/uploads\/2022\/09\/IMG-1059-scaled.jpg\" \/>\n\t<meta property=\"og:image:width\" content=\"2543\" \/>\n\t<meta property=\"og:image:height\" content=\"2560\" \/>\n\t<meta property=\"og:image:type\" content=\"image\/jpeg\" \/>\n<meta name=\"twitter:card\" content=\"summary_large_image\" \/>\n<meta name=\"twitter:label1\" content=\"Est. reading time\" \/>\n\t<meta name=\"twitter:data1\" content=\"2 minutes\" \/>\n<script type=\"application\/ld+json\" class=\"yoast-schema-graph\">{\"@context\":\"https:\/\/schema.org\",\"@graph\":[{\"@type\":\"WebPage\",\"@id\":\"https:\/\/www.afmuseet.no\/nettbutikk\/en\/product\/365-days-of-kawaii-how-to-draw-cute-stuff-every-day-of-the-year\/\",\"url\":\"https:\/\/www.afmuseet.no\/nettbutikk\/en\/product\/365-days-of-kawaii-how-to-draw-cute-stuff-every-day-of-the-year\/\",\"name\":\"365 Days of Kawaii: How to Draw Cute Stuff Every Day of the Year &#8211; Astrup Fearnley Museet\",\"isPartOf\":{\"@id\":\"https:\/\/www.afmuseet.no\/nettbutikk\/#website\"},\"primaryImageOfPage\":{\"@id\":\"https:\/\/www.afmuseet.no\/nettbutikk\/en\/product\/365-days-of-kawaii-how-to-draw-cute-stuff-every-day-of-the-year\/#primaryimage\"},\"image\":{\"@id\":\"https:\/\/www.afmuseet.no\/nettbutikk\/en\/product\/365-days-of-kawaii-how-to-draw-cute-stuff-every-day-of-the-year\/#primaryimage\"},\"thumbnailUrl\":\"https:\/\/www.afmuseet.no\/content\/uploads\/2022\/09\/IMG-1059-scaled.jpg\",\"datePublished\":\"2022-09-28T09:42:36+00:00\",\"dateModified\":\"2023-10-02T13:59:56+00:00\",\"description\":\"Finn unike og eksklusive kunstrelaterte produkter p\u00e5 Astrup Fearnley Museet sin Nettbutikk. Utforsk v\u00e5rt utvalg av kunstb\u00f8ker, plakater og mer.\",\"breadcrumb\":{\"@id\":\"https:\/\/www.afmuseet.no\/nettbutikk\/en\/product\/365-days-of-kawaii-how-to-draw-cute-stuff-every-day-of-the-year\/#breadcrumb\"},\"inLanguage\":\"en-US\",\"potentialAction\":[{\"@type\":\"ReadAction\",\"target\":[\"https:\/\/www.afmuseet.no\/nettbutikk\/en\/product\/365-days-of-kawaii-how-to-draw-cute-stuff-every-day-of-the-year\/\"]}]},{\"@type\":\"ImageObject\",\"inLanguage\":\"en-US\",\"@id\":\"https:\/\/www.afmuseet.no\/nettbutikk\/en\/product\/365-days-of-kawaii-how-to-draw-cute-stuff-every-day-of-the-year\/#primaryimage\",\"url\":\"https:\/\/www.afmuseet.no\/content\/uploads\/2022\/09\/IMG-1059-scaled.jpg\",\"contentUrl\":\"https:\/\/www.afmuseet.no\/content\/uploads\/2022\/09\/IMG-1059-scaled.jpg\",\"width\":2543,\"height\":2560},{\"@type\":\"BreadcrumbList\",\"@id\":\"https:\/\/www.afmuseet.no\/nettbutikk\/en\/product\/365-days-of-kawaii-how-to-draw-cute-stuff-every-day-of-the-year\/#breadcrumb\",\"itemListElement\":[{\"@type\":\"ListItem\",\"position\":1,\"name\":\"Hjem\",\"item\":\"https:\/\/www.afmuseet.no\/nettbutikk\/en\/\"},{\"@type\":\"ListItem\",\"position\":2,\"name\":\"Shop\",\"item\":\"https:\/\/www.afmuseet.no\/nettbutikk\/shop\/\"},{\"@type\":\"ListItem\",\"position\":3,\"name\":\"365 Days of Kawaii: How to Draw Cute Stuff Every Day of the Year\"}]},{\"@type\":\"WebSite\",\"@id\":\"https:\/\/www.afmuseet.no\/nettbutikk\/#website\",\"url\":\"https:\/\/www.afmuseet.no\/nettbutikk\/\",\"name\":\"Astrup Fearnley Museet\",\"description\":\"\",\"potentialAction\":[{\"@type\":\"SearchAction\",\"target\":{\"@type\":\"EntryPoint\",\"urlTemplate\":\"https:\/\/www.afmuseet.no\/nettbutikk\/?s={search_term_string}\"},\"query-input\":{\"@type\":\"PropertyValueSpecification\",\"valueRequired\":true,\"valueName\":\"search_term_string\"}}],\"inLanguage\":\"en-US\"}]}<\/script>\n<!-- \/ Yoast SEO Premium plugin. -->","yoast_head_json":{"title":"365 Days of Kawaii: How to Draw Cute Stuff Every Day of the Year &#8211; Astrup Fearnley Museet","description":"Finn unike og eksklusive kunstrelaterte produkter p\u00e5 Astrup Fearnley Museet sin Nettbutikk. Utforsk v\u00e5rt utvalg av kunstb\u00f8ker, plakater og mer.","robots":{"index":"index","follow":"follow","max-snippet":"max-snippet:-1","max-image-preview":"max-image-preview:large","max-video-preview":"max-video-preview:-1"},"canonical":"https:\/\/www.afmuseet.no\/nettbutikk\/en\/product\/365-days-of-kawaii-how-to-draw-cute-stuff-every-day-of-the-year\/","og_locale":"en_US","og_type":"article","og_title":"365 Days of Kawaii: How to Draw Cute Stuff Every Day of the Year","og_description":"Finn unike og eksklusive kunstrelaterte produkter p\u00e5 Astrup Fearnley Museet sin Nettbutikk. Utforsk v\u00e5rt utvalg av kunstb\u00f8ker, plakater og mer.","og_url":"https:\/\/www.afmuseet.no\/nettbutikk\/en\/product\/365-days-of-kawaii-how-to-draw-cute-stuff-every-day-of-the-year\/","og_site_name":"Astrup Fearnley Museet","article_modified_time":"2023-10-02T13:59:56+00:00","og_image":[{"width":2543,"height":2560,"url":"https:\/\/www.afmuseet.no\/content\/uploads\/2022\/09\/IMG-1059-scaled.jpg","type":"image\/jpeg"}],"twitter_card":"summary_large_image","twitter_misc":{"Est. reading time":"2 minutes"},"schema":{"@context":"https:\/\/schema.org","@graph":[{"@type":"WebPage","@id":"https:\/\/www.afmuseet.no\/nettbutikk\/en\/product\/365-days-of-kawaii-how-to-draw-cute-stuff-every-day-of-the-year\/","url":"https:\/\/www.afmuseet.no\/nettbutikk\/en\/product\/365-days-of-kawaii-how-to-draw-cute-stuff-every-day-of-the-year\/","name":"365 Days of Kawaii: How to Draw Cute Stuff Every Day of the Year &#8211; Astrup Fearnley Museet","isPartOf":{"@id":"https:\/\/www.afmuseet.no\/nettbutikk\/#website"},"primaryImageOfPage":{"@id":"https:\/\/www.afmuseet.no\/nettbutikk\/en\/product\/365-days-of-kawaii-how-to-draw-cute-stuff-every-day-of-the-year\/#primaryimage"},"image":{"@id":"https:\/\/www.afmuseet.no\/nettbutikk\/en\/product\/365-days-of-kawaii-how-to-draw-cute-stuff-every-day-of-the-year\/#primaryimage"},"thumbnailUrl":"https:\/\/www.afmuseet.no\/content\/uploads\/2022\/09\/IMG-1059-scaled.jpg","datePublished":"2022-09-28T09:42:36+00:00","dateModified":"2023-10-02T13:59:56+00:00","description":"Finn unike og eksklusive kunstrelaterte produkter p\u00e5 Astrup Fearnley Museet sin Nettbutikk. Utforsk v\u00e5rt utvalg av kunstb\u00f8ker, plakater og mer.","breadcrumb":{"@id":"https:\/\/www.afmuseet.no\/nettbutikk\/en\/product\/365-days-of-kawaii-how-to-draw-cute-stuff-every-day-of-the-year\/#breadcrumb"},"inLanguage":"en-US","potentialAction":[{"@type":"ReadAction","target":["https:\/\/www.afmuseet.no\/nettbutikk\/en\/product\/365-days-of-kawaii-how-to-draw-cute-stuff-every-day-of-the-year\/"]}]},{"@type":"ImageObject","inLanguage":"en-US","@id":"https:\/\/www.afmuseet.no\/nettbutikk\/en\/product\/365-days-of-kawaii-how-to-draw-cute-stuff-every-day-of-the-year\/#primaryimage","url":"https:\/\/www.afmuseet.no\/content\/uploads\/2022\/09\/IMG-1059-scaled.jpg","contentUrl":"https:\/\/www.afmuseet.no\/content\/uploads\/2022\/09\/IMG-1059-scaled.jpg","width":2543,"height":2560},{"@type":"BreadcrumbList","@id":"https:\/\/www.afmuseet.no\/nettbutikk\/en\/product\/365-days-of-kawaii-how-to-draw-cute-stuff-every-day-of-the-year\/#breadcrumb","itemListElement":[{"@type":"ListItem","position":1,"name":"Hjem","item":"https:\/\/www.afmuseet.no\/nettbutikk\/en\/"},{"@type":"ListItem","position":2,"name":"Shop","item":"https:\/\/www.afmuseet.no\/nettbutikk\/shop\/"},{"@type":"ListItem","position":3,"name":"365 Days of Kawaii: How to Draw Cute Stuff Every Day of the Year"}]},{"@type":"WebSite","@id":"https:\/\/www.afmuseet.no\/nettbutikk\/#website","url":"https:\/\/www.afmuseet.no\/nettbutikk\/","name":"Astrup Fearnley Museet","description":"","potentialAction":[{"@type":"SearchAction","target":{"@type":"EntryPoint","urlTemplate":"https:\/\/www.afmuseet.no\/nettbutikk\/?s={search_term_string}"},"query-input":{"@type":"PropertyValueSpecification","valueRequired":true,"valueName":"search_term_string"}}],"inLanguage":"en-US"}]}},"acf":[],"lang":"en","translations":{"en":35708},"pll_sync_post":[],"_links":{"self":[{"href":"https:\/\/www.afmuseet.no\/nettbutikk\/wp-json\/wp\/v2\/product\/35708","targetHints":{"allow":["GET"]}}],"collection":[{"href":"https:\/\/www.afmuseet.no\/nettbutikk\/wp-json\/wp\/v2\/product"}],"about":[{"href":"https:\/\/www.afmuseet.no\/nettbutikk\/wp-json\/wp\/v2\/types\/product"}],"wp:featuredmedia":[{"embeddable":true,"href":"https:\/\/www.afmuseet.no\/nettbutikk\/wp-json\/wp\/v2\/media\/40594"}],"wp:attachment":[{"href":"https:\/\/www.afmuseet.no\/nettbutikk\/wp-json\/wp\/v2\/media?parent=35708"}],"wp:term":[{"taxonomy":"product_brand","embeddable":true,"href":"https:\/\/www.afmuseet.no\/nettbutikk\/wp-json\/wp\/v2\/product_brand?post=35708"},{"taxonomy":"product_cat","embeddable":true,"href":"https:\/\/www.afmuseet.no\/nettbutikk\/wp-json\/wp\/v2\/product_cat?post=35708"},{"taxonomy":"product_tag","embeddable":true,"href":"https:\/\/www.afmuseet.no\/nettbutikk\/wp-json\/wp\/v2\/product_tag?post=35708"}],"curies":[{"name":"wp","href":"https:\/\/api.w.org\/{rel}","templated":true}]}}