{"id":3053,"date":"2020-08-05T07:41:21","date_gmt":"2020-08-05T06:41:21","guid":{"rendered":"http:\/\/64.227.66.199\/product\/plakat-95-mika-sango-malamu-la-bonne-nouvelle\/"},"modified":"2026-04-14T16:15:18","modified_gmt":"2026-04-14T14:15:18","slug":"plakat-95-mika-sango-malamu-la-bonne-nouvelle","status":"publish","type":"product","link":"https:\/\/www.afmuseet.no\/nettbutikk\/en\/product\/plakat-95-mika-sango-malamu-la-bonne-nouvelle\/","title":{"rendered":"Poster JP Mika &#8211; Sango Malamu, La bonne nouvelle"},"content":{"rendered":"<p><strong>JP Mika<\/strong><\/p>\n<p>Born in 1980, Kinshasa, Democratic Republic of Congo. Lives and works in Kinshasa<\/p>\n<p>JP Mika takes an interest in drawing and ornamentation since his earliest age and therefore integrated the painting department of the Kinshasa Academy of Fine Arts. However he also attended ARAP: The Popular Art Research Studio created by the artist Ch\u00e9ri Ch\u00e9rin who later became his Master. There, he improved his skills and became a member of APPO, The Popular Painters Society. In 2004, he established his own Studio and named it EBA, which can be translated as The Events of Fine Arts.<br \/>\nOutstanding draftsman, he has long borrowed the themes and compositions of his elders among which his mentor Cheri Cherin. As Cheri Samba before him, Mika puts himself on stage in his works, painting self portraits or adding his figure in group compositions &#8211; most of the time his characters are dressed as &#8220;sapeur&#8221; (A member of the social movement known as la SAPE, who dress as Dandies).<br \/>\nFor the last couple of years, he has developed his own style concentrated on portraits and simplifying his composition by using colourful fabrics that he uses as a background. The daring use of colours provides a positive energy to his works. He now profoundly stands out from his peers.<br \/>\nHis realistic paintings are nevertheless benevolent and whatever the subject, he gently and kindly paints a modern, dynamic and happy Africa.<\/p>\n","protected":false},"excerpt":{"rendered":"<p>JP Mika, <em>Sango Malamu (la bonne nouvelle)<\/em>, 2019<\/p>\n<p>\u00a9 Astrup Fearnley Museet<\/p>\n<p>\u00a9 JP Mika \/ BONO 2020 &#8211; Kleinefenn<\/p>\n<p>Courtesy of the artist and gallery MAGNIN-A<\/p>\n<p>Size: 50 x 70 cm<\/p>\n","protected":false},"featured_media":6517,"template":"","meta":{"_acf_changed":false,"afm_hide_title":false,"_afm_post_new_title":"","afm_terms_sep_product_language":", ","afm_terms_sep_product_post_translations":", ","afm_terms_sep_product_product_brand":", ","afm_terms_sep_product_product_type":", ","afm_terms_sep_product_product_visibility":", ","afm_terms_sep_product_product_cat":", ","afm_terms_sep_product_product_tag":", ","afm_terms_sep_product_product_shipping_class":", ","afm_terms_sep_product_pos_product_visibility":", ","afm_terms_sep_product_pa_cindy-sherman-art-bag":", "},"product_brand":[],"product_cat":[170,92],"product_tag":[],"class_list":{"0":"post-3053","1":"product","2":"type-product","3":"status-publish","4":"has-post-thumbnail","6":"product_cat-3040-egenproduserte-artikler","7":"product_cat-all-products","8":"product_shipping_class-plakat","10":"first","11":"outofstock","12":"taxable","13":"shipping-taxable","14":"purchasable","15":"product-type-simple"},"group_of_quantity":0,"min_quantity":0,"max_quantity":"","exclude_order_quantity_value_rules":"no","exclude_category_quantity_rules":"no","combine_variations":"no","yoast_head":"<!-- This site is optimized with the Yoast SEO Premium plugin v26.9 (Yoast SEO v26.9) - https:\/\/yoast.com\/product\/yoast-seo-premium-wordpress\/ -->\n<title>Poster JP Mika - Sango Malamu, La bonne nouvelle &#8211; Astrup Fearnley Museet<\/title>\n<meta name=\"description\" content=\"Finn unike og eksklusive kunstrelaterte produkter p\u00e5 Astrup Fearnley Museet sin Nettbutikk. Utforsk v\u00e5rt utvalg av kunstb\u00f8ker, plakater og mer.\" \/>\n<meta name=\"robots\" content=\"index, follow, max-snippet:-1, max-image-preview:large, max-video-preview:-1\" \/>\n<link rel=\"canonical\" href=\"https:\/\/www.afmuseet.no\/nettbutikk\/en\/product\/plakat-95-mika-sango-malamu-la-bonne-nouvelle\/\" \/>\n<meta property=\"og:locale\" content=\"en_US\" \/>\n<meta property=\"og:type\" content=\"article\" \/>\n<meta property=\"og:title\" content=\"Poster JP Mika - Sango Malamu, La bonne nouvelle\" \/>\n<meta property=\"og:description\" content=\"Finn unike og eksklusive kunstrelaterte produkter p\u00e5 Astrup Fearnley Museet sin Nettbutikk. Utforsk v\u00e5rt utvalg av kunstb\u00f8ker, plakater og mer.\" \/>\n<meta property=\"og:url\" content=\"https:\/\/www.afmuseet.no\/nettbutikk\/en\/product\/plakat-95-mika-sango-malamu-la-bonne-nouvelle\/\" \/>\n<meta property=\"og:site_name\" content=\"Astrup Fearnley Museet\" \/>\n<meta property=\"article:modified_time\" content=\"2026-04-14T14:15:18+00:00\" \/>\n<meta property=\"og:image\" content=\"https:\/\/www.afmuseet.no\/content\/uploads\/2020\/08\/Posters_AlphaCrucis-JPMika-scaled.jpg\" \/>\n\t<meta property=\"og:image:width\" content=\"1829\" \/>\n\t<meta property=\"og:image:height\" content=\"2560\" \/>\n\t<meta property=\"og:image:type\" content=\"image\/jpeg\" \/>\n<meta name=\"twitter:card\" content=\"summary_large_image\" \/>\n<meta name=\"twitter:label1\" content=\"Est. reading time\" \/>\n\t<meta name=\"twitter:data1\" content=\"1 minute\" \/>\n<script type=\"application\/ld+json\" class=\"yoast-schema-graph\">{\"@context\":\"https:\/\/schema.org\",\"@graph\":[{\"@type\":\"WebPage\",\"@id\":\"https:\/\/www.afmuseet.no\/nettbutikk\/en\/product\/plakat-95-mika-sango-malamu-la-bonne-nouvelle\/\",\"url\":\"https:\/\/www.afmuseet.no\/nettbutikk\/en\/product\/plakat-95-mika-sango-malamu-la-bonne-nouvelle\/\",\"name\":\"Poster JP Mika - Sango Malamu, La bonne nouvelle &#8211; Astrup Fearnley Museet\",\"isPartOf\":{\"@id\":\"https:\/\/www.afmuseet.no\/nettbutikk\/#website\"},\"primaryImageOfPage\":{\"@id\":\"https:\/\/www.afmuseet.no\/nettbutikk\/en\/product\/plakat-95-mika-sango-malamu-la-bonne-nouvelle\/#primaryimage\"},\"image\":{\"@id\":\"https:\/\/www.afmuseet.no\/nettbutikk\/en\/product\/plakat-95-mika-sango-malamu-la-bonne-nouvelle\/#primaryimage\"},\"thumbnailUrl\":\"https:\/\/www.afmuseet.no\/content\/uploads\/2020\/08\/Posters_AlphaCrucis-JPMika-scaled.jpg\",\"datePublished\":\"2020-08-05T06:41:21+00:00\",\"dateModified\":\"2026-04-14T14:15:18+00:00\",\"description\":\"Finn unike og eksklusive kunstrelaterte produkter p\u00e5 Astrup Fearnley Museet sin Nettbutikk. Utforsk v\u00e5rt utvalg av kunstb\u00f8ker, plakater og mer.\",\"breadcrumb\":{\"@id\":\"https:\/\/www.afmuseet.no\/nettbutikk\/en\/product\/plakat-95-mika-sango-malamu-la-bonne-nouvelle\/#breadcrumb\"},\"inLanguage\":\"en-US\",\"potentialAction\":[{\"@type\":\"ReadAction\",\"target\":[\"https:\/\/www.afmuseet.no\/nettbutikk\/en\/product\/plakat-95-mika-sango-malamu-la-bonne-nouvelle\/\"]}]},{\"@type\":\"ImageObject\",\"inLanguage\":\"en-US\",\"@id\":\"https:\/\/www.afmuseet.no\/nettbutikk\/en\/product\/plakat-95-mika-sango-malamu-la-bonne-nouvelle\/#primaryimage\",\"url\":\"https:\/\/www.afmuseet.no\/content\/uploads\/2020\/08\/Posters_AlphaCrucis-JPMika-scaled.jpg\",\"contentUrl\":\"https:\/\/www.afmuseet.no\/content\/uploads\/2020\/08\/Posters_AlphaCrucis-JPMika-scaled.jpg\",\"width\":1829,\"height\":2560},{\"@type\":\"BreadcrumbList\",\"@id\":\"https:\/\/www.afmuseet.no\/nettbutikk\/en\/product\/plakat-95-mika-sango-malamu-la-bonne-nouvelle\/#breadcrumb\",\"itemListElement\":[{\"@type\":\"ListItem\",\"position\":1,\"name\":\"Hjem\",\"item\":\"https:\/\/www.afmuseet.no\/nettbutikk\/en\/\"},{\"@type\":\"ListItem\",\"position\":2,\"name\":\"Shop\",\"item\":\"https:\/\/www.afmuseet.no\/nettbutikk\/shop\/\"},{\"@type\":\"ListItem\",\"position\":3,\"name\":\"Poster JP Mika &#8211; Sango Malamu, La bonne nouvelle\"}]},{\"@type\":\"WebSite\",\"@id\":\"https:\/\/www.afmuseet.no\/nettbutikk\/#website\",\"url\":\"https:\/\/www.afmuseet.no\/nettbutikk\/\",\"name\":\"Astrup Fearnley Museet\",\"description\":\"\",\"potentialAction\":[{\"@type\":\"SearchAction\",\"target\":{\"@type\":\"EntryPoint\",\"urlTemplate\":\"https:\/\/www.afmuseet.no\/nettbutikk\/?s={search_term_string}\"},\"query-input\":{\"@type\":\"PropertyValueSpecification\",\"valueRequired\":true,\"valueName\":\"search_term_string\"}}],\"inLanguage\":\"en-US\"}]}<\/script>\n<!-- \/ Yoast SEO Premium plugin. -->","yoast_head_json":{"title":"Poster JP Mika - Sango Malamu, La bonne nouvelle &#8211; Astrup Fearnley Museet","description":"Finn unike og eksklusive kunstrelaterte produkter p\u00e5 Astrup Fearnley Museet sin Nettbutikk. Utforsk v\u00e5rt utvalg av kunstb\u00f8ker, plakater og mer.","robots":{"index":"index","follow":"follow","max-snippet":"max-snippet:-1","max-image-preview":"max-image-preview:large","max-video-preview":"max-video-preview:-1"},"canonical":"https:\/\/www.afmuseet.no\/nettbutikk\/en\/product\/plakat-95-mika-sango-malamu-la-bonne-nouvelle\/","og_locale":"en_US","og_type":"article","og_title":"Poster JP Mika - Sango Malamu, La bonne nouvelle","og_description":"Finn unike og eksklusive kunstrelaterte produkter p\u00e5 Astrup Fearnley Museet sin Nettbutikk. Utforsk v\u00e5rt utvalg av kunstb\u00f8ker, plakater og mer.","og_url":"https:\/\/www.afmuseet.no\/nettbutikk\/en\/product\/plakat-95-mika-sango-malamu-la-bonne-nouvelle\/","og_site_name":"Astrup Fearnley Museet","article_modified_time":"2026-04-14T14:15:18+00:00","og_image":[{"width":1829,"height":2560,"url":"https:\/\/www.afmuseet.no\/content\/uploads\/2020\/08\/Posters_AlphaCrucis-JPMika-scaled.jpg","type":"image\/jpeg"}],"twitter_card":"summary_large_image","twitter_misc":{"Est. reading time":"1 minute"},"schema":{"@context":"https:\/\/schema.org","@graph":[{"@type":"WebPage","@id":"https:\/\/www.afmuseet.no\/nettbutikk\/en\/product\/plakat-95-mika-sango-malamu-la-bonne-nouvelle\/","url":"https:\/\/www.afmuseet.no\/nettbutikk\/en\/product\/plakat-95-mika-sango-malamu-la-bonne-nouvelle\/","name":"Poster JP Mika - Sango Malamu, La bonne nouvelle &#8211; Astrup Fearnley Museet","isPartOf":{"@id":"https:\/\/www.afmuseet.no\/nettbutikk\/#website"},"primaryImageOfPage":{"@id":"https:\/\/www.afmuseet.no\/nettbutikk\/en\/product\/plakat-95-mika-sango-malamu-la-bonne-nouvelle\/#primaryimage"},"image":{"@id":"https:\/\/www.afmuseet.no\/nettbutikk\/en\/product\/plakat-95-mika-sango-malamu-la-bonne-nouvelle\/#primaryimage"},"thumbnailUrl":"https:\/\/www.afmuseet.no\/content\/uploads\/2020\/08\/Posters_AlphaCrucis-JPMika-scaled.jpg","datePublished":"2020-08-05T06:41:21+00:00","dateModified":"2026-04-14T14:15:18+00:00","description":"Finn unike og eksklusive kunstrelaterte produkter p\u00e5 Astrup Fearnley Museet sin Nettbutikk. Utforsk v\u00e5rt utvalg av kunstb\u00f8ker, plakater og mer.","breadcrumb":{"@id":"https:\/\/www.afmuseet.no\/nettbutikk\/en\/product\/plakat-95-mika-sango-malamu-la-bonne-nouvelle\/#breadcrumb"},"inLanguage":"en-US","potentialAction":[{"@type":"ReadAction","target":["https:\/\/www.afmuseet.no\/nettbutikk\/en\/product\/plakat-95-mika-sango-malamu-la-bonne-nouvelle\/"]}]},{"@type":"ImageObject","inLanguage":"en-US","@id":"https:\/\/www.afmuseet.no\/nettbutikk\/en\/product\/plakat-95-mika-sango-malamu-la-bonne-nouvelle\/#primaryimage","url":"https:\/\/www.afmuseet.no\/content\/uploads\/2020\/08\/Posters_AlphaCrucis-JPMika-scaled.jpg","contentUrl":"https:\/\/www.afmuseet.no\/content\/uploads\/2020\/08\/Posters_AlphaCrucis-JPMika-scaled.jpg","width":1829,"height":2560},{"@type":"BreadcrumbList","@id":"https:\/\/www.afmuseet.no\/nettbutikk\/en\/product\/plakat-95-mika-sango-malamu-la-bonne-nouvelle\/#breadcrumb","itemListElement":[{"@type":"ListItem","position":1,"name":"Hjem","item":"https:\/\/www.afmuseet.no\/nettbutikk\/en\/"},{"@type":"ListItem","position":2,"name":"Shop","item":"https:\/\/www.afmuseet.no\/nettbutikk\/shop\/"},{"@type":"ListItem","position":3,"name":"Poster JP Mika &#8211; Sango Malamu, La bonne nouvelle"}]},{"@type":"WebSite","@id":"https:\/\/www.afmuseet.no\/nettbutikk\/#website","url":"https:\/\/www.afmuseet.no\/nettbutikk\/","name":"Astrup Fearnley Museet","description":"","potentialAction":[{"@type":"SearchAction","target":{"@type":"EntryPoint","urlTemplate":"https:\/\/www.afmuseet.no\/nettbutikk\/?s={search_term_string}"},"query-input":{"@type":"PropertyValueSpecification","valueRequired":true,"valueName":"search_term_string"}}],"inLanguage":"en-US"}]}},"acf":[],"lang":"en","translations":{"en":3053},"pll_sync_post":[],"_links":{"self":[{"href":"https:\/\/www.afmuseet.no\/nettbutikk\/wp-json\/wp\/v2\/product\/3053","targetHints":{"allow":["GET"]}}],"collection":[{"href":"https:\/\/www.afmuseet.no\/nettbutikk\/wp-json\/wp\/v2\/product"}],"about":[{"href":"https:\/\/www.afmuseet.no\/nettbutikk\/wp-json\/wp\/v2\/types\/product"}],"wp:featuredmedia":[{"embeddable":true,"href":"https:\/\/www.afmuseet.no\/nettbutikk\/wp-json\/wp\/v2\/media\/6517"}],"wp:attachment":[{"href":"https:\/\/www.afmuseet.no\/nettbutikk\/wp-json\/wp\/v2\/media?parent=3053"}],"wp:term":[{"taxonomy":"product_brand","embeddable":true,"href":"https:\/\/www.afmuseet.no\/nettbutikk\/wp-json\/wp\/v2\/product_brand?post=3053"},{"taxonomy":"product_cat","embeddable":true,"href":"https:\/\/www.afmuseet.no\/nettbutikk\/wp-json\/wp\/v2\/product_cat?post=3053"},{"taxonomy":"product_tag","embeddable":true,"href":"https:\/\/www.afmuseet.no\/nettbutikk\/wp-json\/wp\/v2\/product_tag?post=3053"}],"curies":[{"name":"wp","href":"https:\/\/api.w.org\/{rel}","templated":true}]}}