{"id":26079,"date":"2022-01-21T12:37:03","date_gmt":"2022-01-21T11:37:03","guid":{"rendered":"https:\/\/www.afmuseet.no\/nettbutikk\/?post_type=product&#038;p=26079"},"modified":"2024-04-15T11:36:11","modified_gmt":"2024-04-15T10:36:11","slug":"beyond-the-black-atlantic","status":"publish","type":"product","link":"https:\/\/www.afmuseet.no\/nettbutikk\/produkt\/beyond-the-black-atlantic\/","title":{"rendered":"Beyond the Black Atlantic"},"content":{"rendered":"<p>En rekke komplekse hendelser rundt om i verden har gjort diskusjonen rundt den vestlige eurosentriske, ofte fordomsfulle forestillingen om &#8220;svarthet&#8221; enda mer relevant og kontroversiell de siste \u00e5rene. Sosiale konflikter i vestlige samfunn som lenge ble antatt \u00e5 ha blitt overvunnet &#8211; som de i USA, for eksempel &#8211; har utl\u00f8st ny bevissthet blant medlemmer av det svarte samfunnet og samtidig brakt ideen om en global, polyfon svart kultur (\u00bb Black Atlantic\u00ab) i forgrunnen. Oppfunnet i \u00e5r 1993 av den britiske sosiologen Paul Gilroy, hans bok &#8220;The Black Atlantic: Modernity and Double-Consciousness&#8221; regnes som et n\u00f8kkelverk innen samtidsforskning om kulturen og politikken til den afrikanske diasporaen i den vestlige verden. Svart kultur er samfunnsbyggende, stiller sp\u00f8rsm\u00e5l ved kolonialt hukommelsestap og krever en radikal nytenkning av v\u00e5re vestlige samfunn. Alt for ofte har svarte kunstnere blitt sett p\u00e5 endimensjonalt som representanter for samfunnet deres, en faktor som har bidratt til deres marginalisering.<\/p>\n<p>Denne publikasjonen har som m\u00e5l \u00e5 vise en rekke kunstneriske posisjoner som tar for seg problemstillinger som er relevante for samfunnet, inkludert kompleksiteten til identiteter, ambivalensen til synlighet og \u00e5penhet, og undertrykkelsen av historien i utdanningsmilj\u00f8er, for bare \u00e5 nevne noen. Selv om verkene kan betraktes mot den historiske bakgrunnen til \u00abBlack Atlantic\u00bb, peker de ogs\u00e5 langt utover det b\u00e5de n\u00e5r det gjelder form og innhold.<\/p>\n<p>TEKSTER: Roberto Conduru, Katja Gentric, Isabelle Graw, El Hadji Malick Ndiaye, Barbara Vinken, Christoph Singler, Kathleen Rahn og Sergey Harutoonian<\/p>\n<p>Format: Innbundet, 98 sider<br \/>\nDimensjoner: 220 x 280 x 15,24 mm | 680,39 g<br \/>\nPubliseringsdato: 13. april 2021<br \/>\nUtgiver: Verlag fur Moderne Kunst<br \/>\nSpr\u00e5k: Engelsk og Tysk<br \/>\nIllustrasjonsnotat: 55 farge<br \/>\nISBN13: 9783903320840<\/p>\n","protected":false},"excerpt":{"rendered":"<p>En rekke komplekse hendelser rundt om i verden har gjort diskusjonen rundt den vestlige eurosentriske, ofte fordomsfulle forestillingen om &#8220;svarthet&#8221; enda mer relevant og kontroversiell de siste \u00e5rene. Sosiale konflikter i vestlige samfunn som lenge ble antatt \u00e5 ha blitt overvunnet &#8211; som de i USA, for eksempel &#8211; har utl\u00f8st ny bevissthet blant medlemmer [&hellip;]<\/p>\n","protected":false},"featured_media":45887,"template":"","meta":{"_acf_changed":false,"afm_hide_title":false,"_afm_post_new_title":"","afm_terms_sep_product_language":", ","afm_terms_sep_product_post_translations":", ","afm_terms_sep_product_product_brand":", ","afm_terms_sep_product_product_type":", ","afm_terms_sep_product_product_visibility":", ","afm_terms_sep_product_product_cat":", ","afm_terms_sep_product_product_tag":", ","afm_terms_sep_product_product_shipping_class":", ","afm_terms_sep_product_pos_product_visibility":", ","afm_terms_sep_product_pa_cindy-sherman-art-bag":", "},"product_brand":[],"product_cat":[564],"product_tag":[],"class_list":{"0":"post-26079","1":"product","2":"type-product","3":"status-publish","4":"has-post-thumbnail","6":"product_cat-3106-anskaffede-boker","7":"product_shipping_class-div-product","9":"first","10":"instock","11":"purchasable","12":"product-type-simple"},"group_of_quantity":0,"min_quantity":0,"max_quantity":"","exclude_order_quantity_value_rules":"no","exclude_category_quantity_rules":"no","combine_variations":"no","yoast_head":"<!-- This site is optimized with the Yoast SEO Premium plugin v26.9 (Yoast SEO v26.9) - https:\/\/yoast.com\/product\/yoast-seo-premium-wordpress\/ -->\n<title>Beyond the Black Atlantic &#8211; Astrup Fearnley Museet<\/title>\n<meta name=\"description\" content=\"Finn unike og eksklusive kunstrelaterte produkter p\u00e5 Astrup Fearnley Museet sin Nettbutikk. Utforsk v\u00e5rt utvalg av kunstb\u00f8ker, plakater og mer.\" \/>\n<meta name=\"robots\" content=\"index, follow, max-snippet:-1, max-image-preview:large, max-video-preview:-1\" \/>\n<link rel=\"canonical\" href=\"https:\/\/www.afmuseet.no\/nettbutikk\/produkt\/beyond-the-black-atlantic\/\" \/>\n<meta property=\"og:locale\" content=\"en_US\" \/>\n<meta property=\"og:type\" content=\"article\" \/>\n<meta property=\"og:title\" content=\"Beyond the Black Atlantic\" \/>\n<meta property=\"og:description\" content=\"Finn unike og eksklusive kunstrelaterte produkter p\u00e5 Astrup Fearnley Museet sin Nettbutikk. Utforsk v\u00e5rt utvalg av kunstb\u00f8ker, plakater og mer.\" \/>\n<meta property=\"og:url\" content=\"https:\/\/www.afmuseet.no\/nettbutikk\/produkt\/beyond-the-black-atlantic\/\" \/>\n<meta property=\"og:site_name\" content=\"Astrup Fearnley Museet\" \/>\n<meta property=\"article:modified_time\" content=\"2024-04-15T10:36:11+00:00\" \/>\n<meta property=\"og:image\" content=\"https:\/\/www.afmuseet.no\/content\/uploads\/2023\/07\/DTky7mkCEeq9Twaykh0CYA-oXh6JZP3EeyW1fogEir1RQ.jpeg\" \/>\n\t<meta property=\"og:image:width\" content=\"2073\" \/>\n\t<meta property=\"og:image:height\" content=\"2073\" \/>\n\t<meta property=\"og:image:type\" content=\"image\/jpeg\" \/>\n<meta name=\"twitter:card\" content=\"summary_large_image\" \/>\n<meta name=\"twitter:label1\" content=\"Est. reading time\" \/>\n\t<meta name=\"twitter:data1\" content=\"1 minute\" \/>\n<script type=\"application\/ld+json\" class=\"yoast-schema-graph\">{\"@context\":\"https:\/\/schema.org\",\"@graph\":[{\"@type\":\"WebPage\",\"@id\":\"https:\/\/www.afmuseet.no\/nettbutikk\/produkt\/beyond-the-black-atlantic\/\",\"url\":\"https:\/\/www.afmuseet.no\/nettbutikk\/produkt\/beyond-the-black-atlantic\/\",\"name\":\"Beyond the Black Atlantic &#8211; Astrup Fearnley Museet\",\"isPartOf\":{\"@id\":\"https:\/\/www.afmuseet.no\/nettbutikk\/#website\"},\"primaryImageOfPage\":{\"@id\":\"https:\/\/www.afmuseet.no\/nettbutikk\/produkt\/beyond-the-black-atlantic\/#primaryimage\"},\"image\":{\"@id\":\"https:\/\/www.afmuseet.no\/nettbutikk\/produkt\/beyond-the-black-atlantic\/#primaryimage\"},\"thumbnailUrl\":\"https:\/\/www.afmuseet.no\/content\/uploads\/2023\/07\/DTky7mkCEeq9Twaykh0CYA-oXh6JZP3EeyW1fogEir1RQ.jpeg\",\"datePublished\":\"2022-01-21T11:37:03+00:00\",\"dateModified\":\"2024-04-15T10:36:11+00:00\",\"description\":\"Finn unike og eksklusive kunstrelaterte produkter p\u00e5 Astrup Fearnley Museet sin Nettbutikk. Utforsk v\u00e5rt utvalg av kunstb\u00f8ker, plakater og mer.\",\"breadcrumb\":{\"@id\":\"https:\/\/www.afmuseet.no\/nettbutikk\/produkt\/beyond-the-black-atlantic\/#breadcrumb\"},\"inLanguage\":\"en-US\",\"potentialAction\":[{\"@type\":\"ReadAction\",\"target\":[\"https:\/\/www.afmuseet.no\/nettbutikk\/produkt\/beyond-the-black-atlantic\/\"]}]},{\"@type\":\"ImageObject\",\"inLanguage\":\"en-US\",\"@id\":\"https:\/\/www.afmuseet.no\/nettbutikk\/produkt\/beyond-the-black-atlantic\/#primaryimage\",\"url\":\"https:\/\/www.afmuseet.no\/content\/uploads\/2023\/07\/DTky7mkCEeq9Twaykh0CYA-oXh6JZP3EeyW1fogEir1RQ.jpeg\",\"contentUrl\":\"https:\/\/www.afmuseet.no\/content\/uploads\/2023\/07\/DTky7mkCEeq9Twaykh0CYA-oXh6JZP3EeyW1fogEir1RQ.jpeg\",\"width\":2073,\"height\":2073},{\"@type\":\"BreadcrumbList\",\"@id\":\"https:\/\/www.afmuseet.no\/nettbutikk\/produkt\/beyond-the-black-atlantic\/#breadcrumb\",\"itemListElement\":[{\"@type\":\"ListItem\",\"position\":1,\"name\":\"Hjem\",\"item\":\"https:\/\/www.afmuseet.no\/nettbutikk\/en\/\"},{\"@type\":\"ListItem\",\"position\":2,\"name\":\"Shop\",\"item\":\"https:\/\/www.afmuseet.no\/nettbutikk\/shop\/\"},{\"@type\":\"ListItem\",\"position\":3,\"name\":\"Beyond the Black Atlantic\"}]},{\"@type\":\"WebSite\",\"@id\":\"https:\/\/www.afmuseet.no\/nettbutikk\/#website\",\"url\":\"https:\/\/www.afmuseet.no\/nettbutikk\/\",\"name\":\"Astrup Fearnley Museet\",\"description\":\"\",\"potentialAction\":[{\"@type\":\"SearchAction\",\"target\":{\"@type\":\"EntryPoint\",\"urlTemplate\":\"https:\/\/www.afmuseet.no\/nettbutikk\/?s={search_term_string}\"},\"query-input\":{\"@type\":\"PropertyValueSpecification\",\"valueRequired\":true,\"valueName\":\"search_term_string\"}}],\"inLanguage\":\"en-US\"}]}<\/script>\n<!-- \/ Yoast SEO Premium plugin. -->","yoast_head_json":{"title":"Beyond the Black Atlantic &#8211; Astrup Fearnley Museet","description":"Finn unike og eksklusive kunstrelaterte produkter p\u00e5 Astrup Fearnley Museet sin Nettbutikk. Utforsk v\u00e5rt utvalg av kunstb\u00f8ker, plakater og mer.","robots":{"index":"index","follow":"follow","max-snippet":"max-snippet:-1","max-image-preview":"max-image-preview:large","max-video-preview":"max-video-preview:-1"},"canonical":"https:\/\/www.afmuseet.no\/nettbutikk\/produkt\/beyond-the-black-atlantic\/","og_locale":"en_US","og_type":"article","og_title":"Beyond the Black Atlantic","og_description":"Finn unike og eksklusive kunstrelaterte produkter p\u00e5 Astrup Fearnley Museet sin Nettbutikk. Utforsk v\u00e5rt utvalg av kunstb\u00f8ker, plakater og mer.","og_url":"https:\/\/www.afmuseet.no\/nettbutikk\/produkt\/beyond-the-black-atlantic\/","og_site_name":"Astrup Fearnley Museet","article_modified_time":"2024-04-15T10:36:11+00:00","og_image":[{"width":2073,"height":2073,"url":"https:\/\/www.afmuseet.no\/content\/uploads\/2023\/07\/DTky7mkCEeq9Twaykh0CYA-oXh6JZP3EeyW1fogEir1RQ.jpeg","type":"image\/jpeg"}],"twitter_card":"summary_large_image","twitter_misc":{"Est. reading time":"1 minute"},"schema":{"@context":"https:\/\/schema.org","@graph":[{"@type":"WebPage","@id":"https:\/\/www.afmuseet.no\/nettbutikk\/produkt\/beyond-the-black-atlantic\/","url":"https:\/\/www.afmuseet.no\/nettbutikk\/produkt\/beyond-the-black-atlantic\/","name":"Beyond the Black Atlantic &#8211; Astrup Fearnley Museet","isPartOf":{"@id":"https:\/\/www.afmuseet.no\/nettbutikk\/#website"},"primaryImageOfPage":{"@id":"https:\/\/www.afmuseet.no\/nettbutikk\/produkt\/beyond-the-black-atlantic\/#primaryimage"},"image":{"@id":"https:\/\/www.afmuseet.no\/nettbutikk\/produkt\/beyond-the-black-atlantic\/#primaryimage"},"thumbnailUrl":"https:\/\/www.afmuseet.no\/content\/uploads\/2023\/07\/DTky7mkCEeq9Twaykh0CYA-oXh6JZP3EeyW1fogEir1RQ.jpeg","datePublished":"2022-01-21T11:37:03+00:00","dateModified":"2024-04-15T10:36:11+00:00","description":"Finn unike og eksklusive kunstrelaterte produkter p\u00e5 Astrup Fearnley Museet sin Nettbutikk. Utforsk v\u00e5rt utvalg av kunstb\u00f8ker, plakater og mer.","breadcrumb":{"@id":"https:\/\/www.afmuseet.no\/nettbutikk\/produkt\/beyond-the-black-atlantic\/#breadcrumb"},"inLanguage":"en-US","potentialAction":[{"@type":"ReadAction","target":["https:\/\/www.afmuseet.no\/nettbutikk\/produkt\/beyond-the-black-atlantic\/"]}]},{"@type":"ImageObject","inLanguage":"en-US","@id":"https:\/\/www.afmuseet.no\/nettbutikk\/produkt\/beyond-the-black-atlantic\/#primaryimage","url":"https:\/\/www.afmuseet.no\/content\/uploads\/2023\/07\/DTky7mkCEeq9Twaykh0CYA-oXh6JZP3EeyW1fogEir1RQ.jpeg","contentUrl":"https:\/\/www.afmuseet.no\/content\/uploads\/2023\/07\/DTky7mkCEeq9Twaykh0CYA-oXh6JZP3EeyW1fogEir1RQ.jpeg","width":2073,"height":2073},{"@type":"BreadcrumbList","@id":"https:\/\/www.afmuseet.no\/nettbutikk\/produkt\/beyond-the-black-atlantic\/#breadcrumb","itemListElement":[{"@type":"ListItem","position":1,"name":"Hjem","item":"https:\/\/www.afmuseet.no\/nettbutikk\/en\/"},{"@type":"ListItem","position":2,"name":"Shop","item":"https:\/\/www.afmuseet.no\/nettbutikk\/shop\/"},{"@type":"ListItem","position":3,"name":"Beyond the Black Atlantic"}]},{"@type":"WebSite","@id":"https:\/\/www.afmuseet.no\/nettbutikk\/#website","url":"https:\/\/www.afmuseet.no\/nettbutikk\/","name":"Astrup Fearnley Museet","description":"","potentialAction":[{"@type":"SearchAction","target":{"@type":"EntryPoint","urlTemplate":"https:\/\/www.afmuseet.no\/nettbutikk\/?s={search_term_string}"},"query-input":{"@type":"PropertyValueSpecification","valueRequired":true,"valueName":"search_term_string"}}],"inLanguage":"en-US"}]}},"acf":[],"lang":"nb","translations":{"nb":26079,"en":25079},"pll_sync_post":[],"_links":{"self":[{"href":"https:\/\/www.afmuseet.no\/nettbutikk\/wp-json\/wp\/v2\/product\/26079","targetHints":{"allow":["GET"]}}],"collection":[{"href":"https:\/\/www.afmuseet.no\/nettbutikk\/wp-json\/wp\/v2\/product"}],"about":[{"href":"https:\/\/www.afmuseet.no\/nettbutikk\/wp-json\/wp\/v2\/types\/product"}],"wp:featuredmedia":[{"embeddable":true,"href":"https:\/\/www.afmuseet.no\/nettbutikk\/wp-json\/wp\/v2\/media\/45887"}],"wp:attachment":[{"href":"https:\/\/www.afmuseet.no\/nettbutikk\/wp-json\/wp\/v2\/media?parent=26079"}],"wp:term":[{"taxonomy":"product_brand","embeddable":true,"href":"https:\/\/www.afmuseet.no\/nettbutikk\/wp-json\/wp\/v2\/product_brand?post=26079"},{"taxonomy":"product_cat","embeddable":true,"href":"https:\/\/www.afmuseet.no\/nettbutikk\/wp-json\/wp\/v2\/product_cat?post=26079"},{"taxonomy":"product_tag","embeddable":true,"href":"https:\/\/www.afmuseet.no\/nettbutikk\/wp-json\/wp\/v2\/product_tag?post=26079"}],"curies":[{"name":"wp","href":"https:\/\/api.w.org\/{rel}","templated":true}]}}