{"id":2547,"date":"2020-08-05T07:30:10","date_gmt":"2020-08-05T05:30:10","guid":{"rendered":"http:\/\/64.227.66.199\/product\/cindy-sherman-untitled-horrors-eng\/"},"modified":"2026-01-11T09:10:14","modified_gmt":"2026-01-11T07:10:14","slug":"cindy-sherman-untitled-horrors-eng","status":"publish","type":"product","link":"https:\/\/www.afmuseet.no\/nettbutikk\/en\/product\/cindy-sherman-untitled-horrors-eng\/","title":{"rendered":"Cindy Sherman &#8211; Untitled Horrors"},"content":{"rendered":"<p>This richly illustrated publication <em>Cindy Sherman &#8211; Untitled Horrors<\/em> seeks to highlight and acknowledge these aspects of Cindy Sherman&#8217;s work based on selected examples. It is accompanied by texts by well-known authors, filmmakers, and artists who likewise deal with the grotesque, the uncanny, and the extraordinary in their artistic practice.<\/p>\n<p>The exhibition <em>Untitled Horrors<\/em> highlighted the frightening and fascinating dark streak that imbues Sherman\u2019s entire oeuvre. Characters on the verge of derailing, creatures distancing themselves from humanity, moving towards the mythological, bestial or machinelike. Since the 1980s Sherman\u2019s works have been crucial to our perception of how identity is constructed, and of the mythogenic power of pictures.<\/p>\n<p>In the galleries many of her works were encountered in completely new ways; a visual cacophony that generated other images and sequences, installed in close collaboration with the artist.<br \/>\nThe artist herself is both model and photographer, but the pictures are not portraits. Cindy Sherman\u2019s works conjure up narratives without revealing anything themselves. They cull material from a flow of film, art and media, creating links between the familiar and the unknown.<\/p>\n<p>Exhibition: Cindy Sherman &#8211; Untitled Horrors at Astrup Fearnley Museet, Oslo, in 2013.<br \/>\nCurators: Gunnar B. Kvaran and Hanne Beate Ueland.<br \/>\nAuthors: Kathy Acker, Sibylle Berg, Miranda July, Karl Ove Knausg\u00e5rd, Lars Nor\u00e9n, Sj\u00f3n and Sara Stridsberg.<br \/>\nPublisher: Hatje Cantz, 2013<br \/>\nPages: 231<br \/>\nSoftcover<br \/>\nLanguage: English<br \/>\nISBN: 978-37-75734-87-5<\/p>\n<p><strong>About the artist: <\/strong>Cindy Sherman (b. 1954) developed her brand of appropriation through her staged photography, creating scenes based on references to popular aesthetics, clich\u00e9s and commonplace ideas, particularly feminine stereotypes from films, the arts, magazines and advertising in photographs.<\/p>\n<p>Throughout her artistic career, Sherman has addressed and manipulated images of women, inventing new kinds of imagery that, in an exceptionally original way, tell stories about the female in society. This originality lies essentially in her ability to create a wide range of characters with the help of make-up and prostheses, using her own body as a raw material and a support, characters that she fixes and transfers in her photographs. Her transformative body is both painting and sculpture, anchored in a social reality.<\/p>\n<p>Sherman was one of the first appropriation artists to be included in the Astrup Fearnley Collection and ever since then she has had an increasing presence in one of the most important one-artist bodies of work within the collection<\/p>\n","protected":false},"excerpt":{"rendered":"<p>Curators: Gunnar B. Kvaran and Hanne Beate Ueland.<br \/>\nAuthors: Kathy Acker, Sibylle Berg, Miranda July, Karl Ove Knausg\u00e5rd, Lars Nor\u00e9n, Sj\u00f3n and Sara Stridsberg.<br \/>\nPages: 231<br \/>\nLanguage: English<br \/>\nISBN: 978-37-75734-87-5<br \/>\nPublisher: Hatje Cantz<\/p>\n","protected":false},"featured_media":23722,"template":"","meta":{"_acf_changed":false,"afm_hide_title":false,"_afm_post_new_title":"","afm_terms_sep_product_language":", ","afm_terms_sep_product_post_translations":", ","afm_terms_sep_product_product_brand":", ","afm_terms_sep_product_product_type":", ","afm_terms_sep_product_product_visibility":", ","afm_terms_sep_product_product_cat":", ","afm_terms_sep_product_product_tag":", ","afm_terms_sep_product_product_shipping_class":", ","afm_terms_sep_product_pos_product_visibility":", ","afm_terms_sep_product_pa_cindy-sherman-art-bag":", "},"product_brand":[],"product_cat":[172,92,111,95],"product_tag":[1265],"class_list":{"0":"post-2547","1":"product","2":"type-product","3":"status-publish","4":"has-post-thumbnail","6":"product_cat-3105-egne-kataloger","7":"product_cat-all-products","8":"product_cat-exhibition-catalogues-books","9":"product_cat-publications","10":"product_tag-cindy-sherman","11":"product_shipping_class-div-product","13":"first","14":"instock","15":"purchasable","16":"product-type-simple"},"group_of_quantity":0,"min_quantity":0,"max_quantity":"","exclude_order_quantity_value_rules":"no","exclude_category_quantity_rules":"no","combine_variations":"no","yoast_head":"<!-- This site is optimized with the Yoast SEO Premium plugin v26.9 (Yoast SEO v26.9) - https:\/\/yoast.com\/product\/yoast-seo-premium-wordpress\/ -->\n<title>Cindy Sherman - Untitled Horrors &#8211; Astrup Fearnley Museet<\/title>\n<meta name=\"description\" content=\"The publication Cindy Sherman - Untitled Horrors seeks to highlight and acknowledge these aspects of her work\" \/>\n<meta name=\"robots\" content=\"index, follow, max-snippet:-1, max-image-preview:large, max-video-preview:-1\" \/>\n<link rel=\"canonical\" href=\"https:\/\/www.afmuseet.no\/nettbutikk\/en\/product\/cindy-sherman-untitled-horrors-eng\/\" \/>\n<meta property=\"og:locale\" content=\"en_US\" \/>\n<meta property=\"og:type\" content=\"article\" \/>\n<meta property=\"og:title\" content=\"Cindy Sherman - Untitled Horrors\" \/>\n<meta property=\"og:description\" content=\"The publication Cindy Sherman - Untitled Horrors seeks to highlight and acknowledge these aspects of her work\" \/>\n<meta property=\"og:url\" content=\"https:\/\/www.afmuseet.no\/nettbutikk\/en\/product\/cindy-sherman-untitled-horrors-eng\/\" \/>\n<meta property=\"og:site_name\" content=\"Astrup Fearnley Museet\" \/>\n<meta property=\"article:modified_time\" content=\"2026-01-11T07:10:14+00:00\" \/>\n<meta property=\"og:image\" content=\"https:\/\/www.afmuseet.no\/content\/uploads\/2020\/08\/Cindy-Sherman-Katalog_1-SQUARE-scaled.jpg\" \/>\n\t<meta property=\"og:image:width\" content=\"2560\" \/>\n\t<meta property=\"og:image:height\" content=\"2560\" \/>\n\t<meta property=\"og:image:type\" content=\"image\/jpeg\" \/>\n<meta name=\"twitter:card\" content=\"summary_large_image\" \/>\n<meta name=\"twitter:label1\" content=\"Est. reading time\" \/>\n\t<meta name=\"twitter:data1\" content=\"2 minutes\" \/>\n<script type=\"application\/ld+json\" class=\"yoast-schema-graph\">{\"@context\":\"https:\/\/schema.org\",\"@graph\":[{\"@type\":\"WebPage\",\"@id\":\"https:\/\/www.afmuseet.no\/nettbutikk\/en\/product\/cindy-sherman-untitled-horrors-eng\/\",\"url\":\"https:\/\/www.afmuseet.no\/nettbutikk\/en\/product\/cindy-sherman-untitled-horrors-eng\/\",\"name\":\"Cindy Sherman - Untitled Horrors &#8211; Astrup Fearnley Museet\",\"isPartOf\":{\"@id\":\"https:\/\/www.afmuseet.no\/nettbutikk\/#website\"},\"primaryImageOfPage\":{\"@id\":\"https:\/\/www.afmuseet.no\/nettbutikk\/en\/product\/cindy-sherman-untitled-horrors-eng\/#primaryimage\"},\"image\":{\"@id\":\"https:\/\/www.afmuseet.no\/nettbutikk\/en\/product\/cindy-sherman-untitled-horrors-eng\/#primaryimage\"},\"thumbnailUrl\":\"https:\/\/www.afmuseet.no\/content\/uploads\/2020\/08\/Cindy-Sherman-Katalog_1-SQUARE-scaled.jpg\",\"datePublished\":\"2020-08-05T05:30:10+00:00\",\"dateModified\":\"2026-01-11T07:10:14+00:00\",\"description\":\"The publication Cindy Sherman - Untitled Horrors seeks to highlight and acknowledge these aspects of her work\",\"breadcrumb\":{\"@id\":\"https:\/\/www.afmuseet.no\/nettbutikk\/en\/product\/cindy-sherman-untitled-horrors-eng\/#breadcrumb\"},\"inLanguage\":\"en-US\",\"potentialAction\":[{\"@type\":\"ReadAction\",\"target\":[\"https:\/\/www.afmuseet.no\/nettbutikk\/en\/product\/cindy-sherman-untitled-horrors-eng\/\"]}]},{\"@type\":\"ImageObject\",\"inLanguage\":\"en-US\",\"@id\":\"https:\/\/www.afmuseet.no\/nettbutikk\/en\/product\/cindy-sherman-untitled-horrors-eng\/#primaryimage\",\"url\":\"https:\/\/www.afmuseet.no\/content\/uploads\/2020\/08\/Cindy-Sherman-Katalog_1-SQUARE-scaled.jpg\",\"contentUrl\":\"https:\/\/www.afmuseet.no\/content\/uploads\/2020\/08\/Cindy-Sherman-Katalog_1-SQUARE-scaled.jpg\",\"width\":2560,\"height\":2560,\"caption\":\"cindy sherman untitled horrors\"},{\"@type\":\"BreadcrumbList\",\"@id\":\"https:\/\/www.afmuseet.no\/nettbutikk\/en\/product\/cindy-sherman-untitled-horrors-eng\/#breadcrumb\",\"itemListElement\":[{\"@type\":\"ListItem\",\"position\":1,\"name\":\"Hjem\",\"item\":\"https:\/\/www.afmuseet.no\/nettbutikk\/en\/\"},{\"@type\":\"ListItem\",\"position\":2,\"name\":\"Shop\",\"item\":\"https:\/\/www.afmuseet.no\/nettbutikk\/shop\/\"},{\"@type\":\"ListItem\",\"position\":3,\"name\":\"Cindy Sherman &#8211; Untitled Horrors\"}]},{\"@type\":\"WebSite\",\"@id\":\"https:\/\/www.afmuseet.no\/nettbutikk\/#website\",\"url\":\"https:\/\/www.afmuseet.no\/nettbutikk\/\",\"name\":\"Astrup Fearnley Museet\",\"description\":\"\",\"potentialAction\":[{\"@type\":\"SearchAction\",\"target\":{\"@type\":\"EntryPoint\",\"urlTemplate\":\"https:\/\/www.afmuseet.no\/nettbutikk\/?s={search_term_string}\"},\"query-input\":{\"@type\":\"PropertyValueSpecification\",\"valueRequired\":true,\"valueName\":\"search_term_string\"}}],\"inLanguage\":\"en-US\"}]}<\/script>\n<!-- \/ Yoast SEO Premium plugin. -->","yoast_head_json":{"title":"Cindy Sherman - Untitled Horrors &#8211; Astrup Fearnley Museet","description":"The publication Cindy Sherman - Untitled Horrors seeks to highlight and acknowledge these aspects of her work","robots":{"index":"index","follow":"follow","max-snippet":"max-snippet:-1","max-image-preview":"max-image-preview:large","max-video-preview":"max-video-preview:-1"},"canonical":"https:\/\/www.afmuseet.no\/nettbutikk\/en\/product\/cindy-sherman-untitled-horrors-eng\/","og_locale":"en_US","og_type":"article","og_title":"Cindy Sherman - Untitled Horrors","og_description":"The publication Cindy Sherman - Untitled Horrors seeks to highlight and acknowledge these aspects of her work","og_url":"https:\/\/www.afmuseet.no\/nettbutikk\/en\/product\/cindy-sherman-untitled-horrors-eng\/","og_site_name":"Astrup Fearnley Museet","article_modified_time":"2026-01-11T07:10:14+00:00","og_image":[{"width":2560,"height":2560,"url":"https:\/\/www.afmuseet.no\/content\/uploads\/2020\/08\/Cindy-Sherman-Katalog_1-SQUARE-scaled.jpg","type":"image\/jpeg"}],"twitter_card":"summary_large_image","twitter_misc":{"Est. reading time":"2 minutes"},"schema":{"@context":"https:\/\/schema.org","@graph":[{"@type":"WebPage","@id":"https:\/\/www.afmuseet.no\/nettbutikk\/en\/product\/cindy-sherman-untitled-horrors-eng\/","url":"https:\/\/www.afmuseet.no\/nettbutikk\/en\/product\/cindy-sherman-untitled-horrors-eng\/","name":"Cindy Sherman - Untitled Horrors &#8211; Astrup Fearnley Museet","isPartOf":{"@id":"https:\/\/www.afmuseet.no\/nettbutikk\/#website"},"primaryImageOfPage":{"@id":"https:\/\/www.afmuseet.no\/nettbutikk\/en\/product\/cindy-sherman-untitled-horrors-eng\/#primaryimage"},"image":{"@id":"https:\/\/www.afmuseet.no\/nettbutikk\/en\/product\/cindy-sherman-untitled-horrors-eng\/#primaryimage"},"thumbnailUrl":"https:\/\/www.afmuseet.no\/content\/uploads\/2020\/08\/Cindy-Sherman-Katalog_1-SQUARE-scaled.jpg","datePublished":"2020-08-05T05:30:10+00:00","dateModified":"2026-01-11T07:10:14+00:00","description":"The publication Cindy Sherman - Untitled Horrors seeks to highlight and acknowledge these aspects of her work","breadcrumb":{"@id":"https:\/\/www.afmuseet.no\/nettbutikk\/en\/product\/cindy-sherman-untitled-horrors-eng\/#breadcrumb"},"inLanguage":"en-US","potentialAction":[{"@type":"ReadAction","target":["https:\/\/www.afmuseet.no\/nettbutikk\/en\/product\/cindy-sherman-untitled-horrors-eng\/"]}]},{"@type":"ImageObject","inLanguage":"en-US","@id":"https:\/\/www.afmuseet.no\/nettbutikk\/en\/product\/cindy-sherman-untitled-horrors-eng\/#primaryimage","url":"https:\/\/www.afmuseet.no\/content\/uploads\/2020\/08\/Cindy-Sherman-Katalog_1-SQUARE-scaled.jpg","contentUrl":"https:\/\/www.afmuseet.no\/content\/uploads\/2020\/08\/Cindy-Sherman-Katalog_1-SQUARE-scaled.jpg","width":2560,"height":2560,"caption":"cindy sherman untitled horrors"},{"@type":"BreadcrumbList","@id":"https:\/\/www.afmuseet.no\/nettbutikk\/en\/product\/cindy-sherman-untitled-horrors-eng\/#breadcrumb","itemListElement":[{"@type":"ListItem","position":1,"name":"Hjem","item":"https:\/\/www.afmuseet.no\/nettbutikk\/en\/"},{"@type":"ListItem","position":2,"name":"Shop","item":"https:\/\/www.afmuseet.no\/nettbutikk\/shop\/"},{"@type":"ListItem","position":3,"name":"Cindy Sherman &#8211; Untitled Horrors"}]},{"@type":"WebSite","@id":"https:\/\/www.afmuseet.no\/nettbutikk\/#website","url":"https:\/\/www.afmuseet.no\/nettbutikk\/","name":"Astrup Fearnley Museet","description":"","potentialAction":[{"@type":"SearchAction","target":{"@type":"EntryPoint","urlTemplate":"https:\/\/www.afmuseet.no\/nettbutikk\/?s={search_term_string}"},"query-input":{"@type":"PropertyValueSpecification","valueRequired":true,"valueName":"search_term_string"}}],"inLanguage":"en-US"}]}},"acf":[],"lang":"en","translations":{"en":2547,"nb":8686},"pll_sync_post":[],"_links":{"self":[{"href":"https:\/\/www.afmuseet.no\/nettbutikk\/wp-json\/wp\/v2\/product\/2547","targetHints":{"allow":["GET"]}}],"collection":[{"href":"https:\/\/www.afmuseet.no\/nettbutikk\/wp-json\/wp\/v2\/product"}],"about":[{"href":"https:\/\/www.afmuseet.no\/nettbutikk\/wp-json\/wp\/v2\/types\/product"}],"wp:featuredmedia":[{"embeddable":true,"href":"https:\/\/www.afmuseet.no\/nettbutikk\/wp-json\/wp\/v2\/media\/23722"}],"wp:attachment":[{"href":"https:\/\/www.afmuseet.no\/nettbutikk\/wp-json\/wp\/v2\/media?parent=2547"}],"wp:term":[{"taxonomy":"product_brand","embeddable":true,"href":"https:\/\/www.afmuseet.no\/nettbutikk\/wp-json\/wp\/v2\/product_brand?post=2547"},{"taxonomy":"product_cat","embeddable":true,"href":"https:\/\/www.afmuseet.no\/nettbutikk\/wp-json\/wp\/v2\/product_cat?post=2547"},{"taxonomy":"product_tag","embeddable":true,"href":"https:\/\/www.afmuseet.no\/nettbutikk\/wp-json\/wp\/v2\/product_tag?post=2547"}],"curies":[{"name":"wp","href":"https:\/\/api.w.org\/{rel}","templated":true}]}}