{"id":5003,"date":"2024-02-21T12:34:15","date_gmt":"2024-02-21T12:34:15","guid":{"rendered":"https:\/\/www.afmuseet.no\/en\/?post_type=event&#038;p=5003"},"modified":"2024-03-21T11:15:59","modified_gmt":"2024-03-21T11:15:59","slug":"borre-saethre-in-conversation-with-owen-martin","status":"publish","type":"event","link":"https:\/\/www.afmuseet.no\/en\/events\/borre-saethre-in-conversation-with-owen-martin\/","title":{"rendered":"B\u00f8rre S\u00e6thre | Artist on the Collection"},"content":{"rendered":"\n<div class=\"wp-block-cover alignfull has-neutral-50-background-color has-background-dim is-style-hero\"><div class=\"wp-block-cover__inner-container is-layout-flow wp-block-cover-is-layout-flow\"><span class=\"wp-block-afm-label medium aligncenter wp-block-afm-block-post-type has-text-color has-neutral-1000-color\">Event<\/span>\n\n<h2 class=\"has-text-align-center aligncenter wp-block-post-title has-text-color has-neutral-1000-color\">B\u00f8rre S\u00e6thre | Artist on the Collection<\/h2>\n\n<span class=\"aligncenter wp-block-afm-block-post-dates\">2 May, 18:00 \u2014 19:00<\/span>\n\n<figure class=\"aligncenter wp-block-post-featured-image\"><img loading=\"lazy\" decoding=\"async\" width=\"1920\" height=\"1080\" src=\"https:\/\/www.afmuseet.no\/content\/uploads\/sites\/2\/2024\/02\/Borre-Saethre_nettside.jpg\" class=\"attachment-post-thumbnail size-post-thumbnail wp-post-image\" alt=\"\" \/><figcaption><\/figcaption><\/figure>\n\n<div class=\"has-text-align-center wp-block-post-excerpt has-text-color has-neutral-1000-color\"><p class=\"wp-block-post-excerpt__excerpt\">B\u00f8rre S\u00e6thre in conversation with Owen Martin on the Astrup Fearnley Collection. <\/p><\/div>\n\n\n<div class=\"wp-block-buttons is-content-justification-center is-layout-flex wp-block-buttons-is-layout-flex\">\n<div class=\"wp-block-button\"><a class=\"wp-block-button__link has-neutral-0-color has-blue-background-color has-text-color has-background\" href=\"https:\/\/afmuseet.ticketco.events\/no\/nb\/e\/boerre_saethre__kunstner_om_samlingen\">Sign up!<\/a><\/div>\n<\/div>\n<\/div><\/div>\n\n\n\n<p>B\u00f8rre S\u00e6thre will reflect on his work&nbsp;<em>My Private Sky<\/em>&nbsp;(2001) included in the current display of the Astrup Fearnley Collection as well as the Astrup Fearnley Collection more broadly. The audience will be invited to explore the exhibition alongside the artist.<\/p>\n\n\n\n<p>The event is free but requires sign up. Limited capacity.  The conversation will be held in English. <\/p>\n\n\n\n<hr class=\"wp-block-separator is-style-wide\" \/>\n\n\n<div class=\"t2-featured-single-post t2-featured-content is-post-type-exhibition wp-block-t2-featured-single-post\"><a class=\"wp-block-t2-post-link post-id-4528 has-background wp-block-afm-block-post-link\" href=\"https:\/\/www.afmuseet.no\/en\/exhibitions\/the-astrup-fearnley-collection\/\">\n<figure style=\"--t2-focal-point: 50% 50%;\" class=\"t2-post-featured-image has-image-ratio-16-9 wp-block-t2-post-featured-image\"><img loading=\"lazy\" decoding=\"async\" width=\"2048\" height=\"1366\" src=\"https:\/\/www.afmuseet.no\/content\/uploads\/sites\/2\/2023\/12\/29-Exhibition-view-Before-Tomorrow-\u00a9-Astrup-Fearnley-Museet-2023.-Photo-Christian-Oen-64.jpg\" class=\"attachment-post-thumbnail size-post-thumbnail wp-post-image\" alt=\"B\u00f8rre S\u00e6thre, My Private Sky, 2001. Exhibition view, Before Tomorrow. \u00a9 Astrup Fearnley Museet, 2023. Photo: Christian \u00d8en.\" srcset=\"https:\/\/www.afmuseet.no\/content\/uploads\/sites\/2\/2023\/12\/29-Exhibition-view-Before-Tomorrow-\u00a9-Astrup-Fearnley-Museet-2023.-Photo-Christian-Oen-64.jpg 2048w, https:\/\/www.afmuseet.no\/content\/uploads\/sites\/2\/2023\/12\/29-Exhibition-view-Before-Tomorrow-\u00a9-Astrup-Fearnley-Museet-2023.-Photo-Christian-Oen-64-300x200.jpg 300w, https:\/\/www.afmuseet.no\/content\/uploads\/sites\/2\/2023\/12\/29-Exhibition-view-Before-Tomorrow-\u00a9-Astrup-Fearnley-Museet-2023.-Photo-Christian-Oen-64-1024x683.jpg 1024w, https:\/\/www.afmuseet.no\/content\/uploads\/sites\/2\/2023\/12\/29-Exhibition-view-Before-Tomorrow-\u00a9-Astrup-Fearnley-Museet-2023.-Photo-Christian-Oen-64-768x512.jpg 768w, https:\/\/www.afmuseet.no\/content\/uploads\/sites\/2\/2023\/12\/29-Exhibition-view-Before-Tomorrow-\u00a9-Astrup-Fearnley-Museet-2023.-Photo-Christian-Oen-64-1536x1025.jpg 1536w\" sizes=\"auto, (max-width: 2048px) 100vw, 2048px\" \/><\/figure>\n\n<div class=\"wp-block-group alignfull is-layout-flow wp-block-group-is-layout-flow\">\n\t<span class=\"wp-block-afm-label medium wp-block-afm-block-post-type\">Exhibitions<\/span>\n\t<h2 class=\"wp-block-t2-post-title\">Astrup Fearnley Collection<\/h2>\n\t<span class=\"wp-block-afm-block-post-dates\">05. Dec. 2023 &#8211; 02. Mar. 2025<\/span>\n\t<div class=\"t2-post-excerpt wp-block-t2-post-excerpt\"><p>  The Astrup Fearnley Collection is one of Europe\u2019s most comprehensive collections of international contemporary art. \u00a0 <\/p><\/div>\n<\/div>\n\n<\/a>\n<\/div>","protected":false},"excerpt":{"rendered":"<p>B\u00f8rre S\u00e6thre in conversation with Owen Martin on the Astrup Fearnley Collection.<\/p>\n","protected":false},"featured_media":5039,"template":"","meta":{"afm_hide_title":false,"afm_event_from":"2024-05-02T18:00:00","afm_event_to":"2024-05-02T19:00:00","afm_event_recurring":"","afm_event_recurring_interval":"","afm_event_recurring_end":"","afm_event_weekdays":"","_afm_post_new_title":"","afm_terms_sep_event_event-audience":", ","afm_terms_sep_event_event-cat":", "},"event-audience":[],"event-cat":[],"class_list":["post-5003","event","type-event","status-publish","has-post-thumbnail","hentry"],"yoast_head":"<!-- This site is optimized with the Yoast SEO Premium plugin v26.9 (Yoast SEO v26.9) - https:\/\/yoast.com\/product\/yoast-seo-premium-wordpress\/ -->\n<title>B\u00f8rre S\u00e6thre | Artist on the Collection - Astrup Fearnley Museet<\/title>\n<meta name=\"robots\" content=\"index, follow, max-snippet:-1, max-image-preview:large, max-video-preview:-1\" \/>\n<link rel=\"canonical\" href=\"https:\/\/www.afmuseet.no\/en\/events\/borre-saethre-in-conversation-with-owen-martin\/\" \/>\n<meta property=\"og:locale\" content=\"en_US\" \/>\n<meta property=\"og:type\" content=\"article\" \/>\n<meta property=\"og:title\" content=\"B\u00f8rre S\u00e6thre | Artist on the Collection\" \/>\n<meta property=\"og:description\" content=\"B\u00f8rre S\u00e6thre in conversation with Owen Martin on the Astrup Fearnley Collection.\" \/>\n<meta property=\"og:url\" content=\"https:\/\/www.afmuseet.no\/en\/events\/borre-saethre-in-conversation-with-owen-martin\/\" \/>\n<meta property=\"og:site_name\" content=\"Astrup Fearnley Museet\" \/>\n<meta property=\"article:modified_time\" content=\"2024-03-21T11:15:59+00:00\" \/>\n<meta property=\"og:image\" content=\"https:\/\/www.afmuseet.no\/content\/uploads\/sites\/2\/2024\/02\/Borre-Saethre_nettside.jpg\" \/>\n\t<meta property=\"og:image:width\" content=\"1920\" \/>\n\t<meta property=\"og:image:height\" content=\"1080\" \/>\n\t<meta property=\"og:image:type\" content=\"image\/jpeg\" \/>\n<meta name=\"twitter:card\" content=\"summary_large_image\" \/>\n<meta name=\"twitter:label1\" content=\"Est. reading time\" \/>\n\t<meta name=\"twitter:data1\" content=\"1 minute\" \/>\n<script type=\"application\/ld+json\" class=\"yoast-schema-graph\">{\"@context\":\"https:\/\/schema.org\",\"@graph\":[{\"@type\":\"WebPage\",\"@id\":\"https:\/\/www.afmuseet.no\/en\/events\/borre-saethre-in-conversation-with-owen-martin\/\",\"url\":\"https:\/\/www.afmuseet.no\/en\/events\/borre-saethre-in-conversation-with-owen-martin\/\",\"name\":\"B\u00f8rre S\u00e6thre | Artist on the Collection - Astrup Fearnley Museet\",\"isPartOf\":{\"@id\":\"https:\/\/www.afmuseet.no\/en\/#website\"},\"primaryImageOfPage\":{\"@id\":\"https:\/\/www.afmuseet.no\/en\/events\/borre-saethre-in-conversation-with-owen-martin\/#primaryimage\"},\"image\":{\"@id\":\"https:\/\/www.afmuseet.no\/en\/events\/borre-saethre-in-conversation-with-owen-martin\/#primaryimage\"},\"thumbnailUrl\":\"https:\/\/www.afmuseet.no\/content\/uploads\/sites\/2\/2024\/02\/Borre-Saethre_nettside.jpg\",\"datePublished\":\"2024-02-21T12:34:15+00:00\",\"dateModified\":\"2024-03-21T11:15:59+00:00\",\"breadcrumb\":{\"@id\":\"https:\/\/www.afmuseet.no\/en\/events\/borre-saethre-in-conversation-with-owen-martin\/#breadcrumb\"},\"inLanguage\":\"en-US\",\"potentialAction\":[{\"@type\":\"ReadAction\",\"target\":[\"https:\/\/www.afmuseet.no\/en\/events\/borre-saethre-in-conversation-with-owen-martin\/\"]}]},{\"@type\":\"ImageObject\",\"inLanguage\":\"en-US\",\"@id\":\"https:\/\/www.afmuseet.no\/en\/events\/borre-saethre-in-conversation-with-owen-martin\/#primaryimage\",\"url\":\"https:\/\/www.afmuseet.no\/content\/uploads\/sites\/2\/2024\/02\/Borre-Saethre_nettside.jpg\",\"contentUrl\":\"https:\/\/www.afmuseet.no\/content\/uploads\/sites\/2\/2024\/02\/Borre-Saethre_nettside.jpg\",\"width\":1920,\"height\":1080},{\"@type\":\"BreadcrumbList\",\"@id\":\"https:\/\/www.afmuseet.no\/en\/events\/borre-saethre-in-conversation-with-owen-martin\/#breadcrumb\",\"itemListElement\":[{\"@type\":\"ListItem\",\"position\":1,\"name\":\"Home\",\"item\":\"https:\/\/www.afmuseet.no\/en\/\"},{\"@type\":\"ListItem\",\"position\":2,\"name\":\"What's on\",\"item\":\"https:\/\/www.afmuseet.no\/en\/events\/\"},{\"@type\":\"ListItem\",\"position\":3,\"name\":\"B\u00f8rre S\u00e6thre | Artist on the Collection\"}]},{\"@type\":\"WebSite\",\"@id\":\"https:\/\/www.afmuseet.no\/en\/#website\",\"url\":\"https:\/\/www.afmuseet.no\/en\/\",\"name\":\"Astrup Fearnley Museet\",\"description\":\"\",\"potentialAction\":[{\"@type\":\"SearchAction\",\"target\":{\"@type\":\"EntryPoint\",\"urlTemplate\":\"https:\/\/www.afmuseet.no\/en\/?s={search_term_string}\"},\"query-input\":{\"@type\":\"PropertyValueSpecification\",\"valueRequired\":true,\"valueName\":\"search_term_string\"}}],\"inLanguage\":\"en-US\"}]}<\/script>\n<!-- \/ Yoast SEO Premium plugin. -->","yoast_head_json":{"title":"B\u00f8rre S\u00e6thre | Artist on the Collection - Astrup Fearnley Museet","robots":{"index":"index","follow":"follow","max-snippet":"max-snippet:-1","max-image-preview":"max-image-preview:large","max-video-preview":"max-video-preview:-1"},"canonical":"https:\/\/www.afmuseet.no\/en\/events\/borre-saethre-in-conversation-with-owen-martin\/","og_locale":"en_US","og_type":"article","og_title":"B\u00f8rre S\u00e6thre | Artist on the Collection","og_description":"B\u00f8rre S\u00e6thre in conversation with Owen Martin on the Astrup Fearnley Collection.","og_url":"https:\/\/www.afmuseet.no\/en\/events\/borre-saethre-in-conversation-with-owen-martin\/","og_site_name":"Astrup Fearnley Museet","article_modified_time":"2024-03-21T11:15:59+00:00","og_image":[{"width":1920,"height":1080,"url":"https:\/\/www.afmuseet.no\/content\/uploads\/sites\/2\/2024\/02\/Borre-Saethre_nettside.jpg","type":"image\/jpeg"}],"twitter_card":"summary_large_image","twitter_misc":{"Est. reading time":"1 minute"},"schema":{"@context":"https:\/\/schema.org","@graph":[{"@type":"WebPage","@id":"https:\/\/www.afmuseet.no\/en\/events\/borre-saethre-in-conversation-with-owen-martin\/","url":"https:\/\/www.afmuseet.no\/en\/events\/borre-saethre-in-conversation-with-owen-martin\/","name":"B\u00f8rre S\u00e6thre | Artist on the Collection - Astrup Fearnley Museet","isPartOf":{"@id":"https:\/\/www.afmuseet.no\/en\/#website"},"primaryImageOfPage":{"@id":"https:\/\/www.afmuseet.no\/en\/events\/borre-saethre-in-conversation-with-owen-martin\/#primaryimage"},"image":{"@id":"https:\/\/www.afmuseet.no\/en\/events\/borre-saethre-in-conversation-with-owen-martin\/#primaryimage"},"thumbnailUrl":"https:\/\/www.afmuseet.no\/content\/uploads\/sites\/2\/2024\/02\/Borre-Saethre_nettside.jpg","datePublished":"2024-02-21T12:34:15+00:00","dateModified":"2024-03-21T11:15:59+00:00","breadcrumb":{"@id":"https:\/\/www.afmuseet.no\/en\/events\/borre-saethre-in-conversation-with-owen-martin\/#breadcrumb"},"inLanguage":"en-US","potentialAction":[{"@type":"ReadAction","target":["https:\/\/www.afmuseet.no\/en\/events\/borre-saethre-in-conversation-with-owen-martin\/"]}]},{"@type":"ImageObject","inLanguage":"en-US","@id":"https:\/\/www.afmuseet.no\/en\/events\/borre-saethre-in-conversation-with-owen-martin\/#primaryimage","url":"https:\/\/www.afmuseet.no\/content\/uploads\/sites\/2\/2024\/02\/Borre-Saethre_nettside.jpg","contentUrl":"https:\/\/www.afmuseet.no\/content\/uploads\/sites\/2\/2024\/02\/Borre-Saethre_nettside.jpg","width":1920,"height":1080},{"@type":"BreadcrumbList","@id":"https:\/\/www.afmuseet.no\/en\/events\/borre-saethre-in-conversation-with-owen-martin\/#breadcrumb","itemListElement":[{"@type":"ListItem","position":1,"name":"Home","item":"https:\/\/www.afmuseet.no\/en\/"},{"@type":"ListItem","position":2,"name":"What's on","item":"https:\/\/www.afmuseet.no\/en\/events\/"},{"@type":"ListItem","position":3,"name":"B\u00f8rre S\u00e6thre | Artist on the Collection"}]},{"@type":"WebSite","@id":"https:\/\/www.afmuseet.no\/en\/#website","url":"https:\/\/www.afmuseet.no\/en\/","name":"Astrup Fearnley Museet","description":"","potentialAction":[{"@type":"SearchAction","target":{"@type":"EntryPoint","urlTemplate":"https:\/\/www.afmuseet.no\/en\/?s={search_term_string}"},"query-input":{"@type":"PropertyValueSpecification","valueRequired":true,"valueName":"search_term_string"}}],"inLanguage":"en-US"}]}},"_links":{"self":[{"href":"https:\/\/www.afmuseet.no\/en\/wp-json\/wp\/v2\/event\/5003","targetHints":{"allow":["GET"]}}],"collection":[{"href":"https:\/\/www.afmuseet.no\/en\/wp-json\/wp\/v2\/event"}],"about":[{"href":"https:\/\/www.afmuseet.no\/en\/wp-json\/wp\/v2\/types\/event"}],"wp:featuredmedia":[{"embeddable":true,"href":"https:\/\/www.afmuseet.no\/en\/wp-json\/wp\/v2\/media\/5039"}],"wp:attachment":[{"href":"https:\/\/www.afmuseet.no\/en\/wp-json\/wp\/v2\/media?parent=5003"}],"wp:term":[{"taxonomy":"event-audience","embeddable":true,"href":"https:\/\/www.afmuseet.no\/en\/wp-json\/wp\/v2\/event-audience?post=5003"},{"taxonomy":"event-cat","embeddable":true,"href":"https:\/\/www.afmuseet.no\/en\/wp-json\/wp\/v2\/event-cat?post=5003"}],"curies":[{"name":"wp","href":"https:\/\/api.w.org\/{rel}","templated":true}]}}

Børre Sæthre | Artist on the Collection

<div class="wp-block-cover alignfull has-neutral-50-background-color has-background-dim is-style-hero"><div class="wp-block-cover__inner-container is-layout-flow wp-block-cover-is-layout-flow"><span class="wp-block-afm-label medium aligncenter wp-block-afm-block-post-type has-text-color has-neutral-1000-color">Event</span>

<h2 class="has-text-align-center aligncenter wp-block-post-title has-text-color has-neutral-1000-color">Børre Sæthre | Artist on the Collection</h2>

<span class="aligncenter wp-block-afm-block-post-dates">2 May, 18:00 — 19:00</span>

<figure class="aligncenter wp-block-post-featured-image"><img loading="lazy" decoding="async" width="1920" height="1080" src="https://www.afmuseet.no/content/uploads/sites/2/2024/02/Borre-Saethre_nettside.jpg" class="attachment-post-thumbnail size-post-thumbnail wp-post-image" alt="" /><figcaption></figcaption></figure>

<div class="has-text-align-center wp-block-post-excerpt has-text-color has-neutral-1000-color"><p class="wp-block-post-excerpt__excerpt">Børre Sæthre in conversation with Owen Martin on the Astrup Fearnley Collection. </p></div>


<div class="wp-block-buttons is-content-justification-center is-layout-flex wp-block-buttons-is-layout-flex">
<div class="wp-block-button"><a class="wp-block-button__link has-neutral-0-color has-blue-background-color has-text-color has-background" href="https://afmuseet.ticketco.events/no/nb/e/boerre_saethre__kunstner_om_samlingen">Sign up!</a></div>
</div>
</div></div>



<p>Børre Sæthre will reflect on his work&nbsp;<em>My Private Sky</em>&nbsp;(2001) included in the current display of the Astrup Fearnley Collection as well as the Astrup Fearnley Collection more broadly. The audience will be invited to explore the exhibition alongside the artist.</p>



<p>The event is free but requires sign up. Limited capacity.  The conversation will be held in English. </p>



<hr class="wp-block-separator is-style-wide" />


<div class="t2-featured-single-post t2-featured-content is-post-type-exhibition wp-block-t2-featured-single-post"><a class="wp-block-t2-post-link post-id-4528 has-background wp-block-afm-block-post-link" href="https://www.afmuseet.no/en/exhibitions/the-astrup-fearnley-collection/">
<figure style="--t2-focal-point: 50% 50%;" class="t2-post-featured-image has-image-ratio-16-9 wp-block-t2-post-featured-image"><img loading="lazy" decoding="async" width="2048" height="1366" src="https://www.afmuseet.no/content/uploads/sites/2/2023/12/29-Exhibition-view-Before-Tomorrow-©-Astrup-Fearnley-Museet-2023.-Photo-Christian-Oen-64.jpg" class="attachment-post-thumbnail size-post-thumbnail wp-post-image" alt="Børre Sæthre, My Private Sky, 2001. Exhibition view, Before Tomorrow. © Astrup Fearnley Museet, 2023. Photo: Christian Øen." srcset="https://www.afmuseet.no/content/uploads/sites/2/2023/12/29-Exhibition-view-Before-Tomorrow-©-Astrup-Fearnley-Museet-2023.-Photo-Christian-Oen-64.jpg 2048w, https://www.afmuseet.no/content/uploads/sites/2/2023/12/29-Exhibition-view-Before-Tomorrow-©-Astrup-Fearnley-Museet-2023.-Photo-Christian-Oen-64-300x200.jpg 300w, https://www.afmuseet.no/content/uploads/sites/2/2023/12/29-Exhibition-view-Before-Tomorrow-©-Astrup-Fearnley-Museet-2023.-Photo-Christian-Oen-64-1024x683.jpg 1024w, https://www.afmuseet.no/content/uploads/sites/2/2023/12/29-Exhibition-view-Before-Tomorrow-©-Astrup-Fearnley-Museet-2023.-Photo-Christian-Oen-64-768x512.jpg 768w, https://www.afmuseet.no/content/uploads/sites/2/2023/12/29-Exhibition-view-Before-Tomorrow-©-Astrup-Fearnley-Museet-2023.-Photo-Christian-Oen-64-1536x1025.jpg 1536w" sizes="auto, (max-width: 2048px) 100vw, 2048px" /></figure>

<div class="wp-block-group alignfull is-layout-flow wp-block-group-is-layout-flow">
	<span class="wp-block-afm-label medium wp-block-afm-block-post-type">Exhibitions</span>
	<h2 class="wp-block-t2-post-title">Astrup Fearnley Collection</h2>
	<span class="wp-block-afm-block-post-dates">05. Dec. 2023 &#8211; 02. Mar. 2025</span>
	<div class="t2-post-excerpt wp-block-t2-post-excerpt"><p>  The Astrup Fearnley Collection is one of Europe’s most comprehensive collections of international contemporary art.   </p></div>
</div>

</a>
</div>

<p>Børre Sæthre in conversation with Owen Martin on the Astrup Fearnley Collection.</p>

<!-- This site is optimized with the Yoast SEO Premium plugin v26.9 (Yoast SEO v26.9) - https://yoast.com/product/yoast-seo-premium-wordpress/ -->
<title>Børre Sæthre | Artist on the Collection - Astrup Fearnley Museet</title>
<meta name="robots" content="index, follow, max-snippet:-1, max-image-preview:large, max-video-preview:-1" />
<link rel="canonical" href="https://www.afmuseet.no/en/events/borre-saethre-in-conversation-with-owen-martin/" />
<meta property="og:locale" content="en_US" />
<meta property="og:type" content="article" />
<meta property="og:title" content="Børre Sæthre | Artist on the Collection" />
<meta property="og:description" content="Børre Sæthre in conversation with Owen Martin on the Astrup Fearnley Collection." />
<meta property="og:url" content="https://www.afmuseet.no/en/events/borre-saethre-in-conversation-with-owen-martin/" />
<meta property="og:site_name" content="Astrup Fearnley Museet" />
<meta property="article:modified_time" content="2024-03-21T11:15:59+00:00" />
<meta property="og:image" content="https://www.afmuseet.no/content/uploads/sites/2/2024/02/Borre-Saethre_nettside.jpg" />
	<meta property="og:image:width" content="1920" />
	<meta property="og:image:height" content="1080" />
	<meta property="og:image:type" content="image/jpeg" />
<meta name="twitter:card" content="summary_large_image" />
<meta name="twitter:label1" content="Est. reading time" />
	<meta name="twitter:data1" content="1 minute" />
<script type="application/ld+json" class="yoast-schema-graph">{"@context":"https://schema.org","@graph":[{"@type":"WebPage","@id":"https://www.afmuseet.no/en/events/borre-saethre-in-conversation-with-owen-martin/","url":"https://www.afmuseet.no/en/events/borre-saethre-in-conversation-with-owen-martin/","name":"Børre Sæthre | Artist on the Collection - Astrup Fearnley Museet","isPartOf":{"@id":"https://www.afmuseet.no/en/#website"},"primaryImageOfPage":{"@id":"https://www.afmuseet.no/en/events/borre-saethre-in-conversation-with-owen-martin/#primaryimage"},"image":{"@id":"https://www.afmuseet.no/en/events/borre-saethre-in-conversation-with-owen-martin/#primaryimage"},"thumbnailUrl":"https://www.afmuseet.no/content/uploads/sites/2/2024/02/Borre-Saethre_nettside.jpg","datePublished":"2024-02-21T12:34:15+00:00","dateModified":"2024-03-21T11:15:59+00:00","breadcrumb":{"@id":"https://www.afmuseet.no/en/events/borre-saethre-in-conversation-with-owen-martin/#breadcrumb"},"inLanguage":"en-US","potentialAction":[{"@type":"ReadAction","target":["https://www.afmuseet.no/en/events/borre-saethre-in-conversation-with-owen-martin/"]}]},{"@type":"ImageObject","inLanguage":"en-US","@id":"https://www.afmuseet.no/en/events/borre-saethre-in-conversation-with-owen-martin/#primaryimage","url":"https://www.afmuseet.no/content/uploads/sites/2/2024/02/Borre-Saethre_nettside.jpg","contentUrl":"https://www.afmuseet.no/content/uploads/sites/2/2024/02/Borre-Saethre_nettside.jpg","width":1920,"height":1080},{"@type":"BreadcrumbList","@id":"https://www.afmuseet.no/en/events/borre-saethre-in-conversation-with-owen-martin/#breadcrumb","itemListElement":[{"@type":"ListItem","position":1,"name":"Home","item":"https://www.afmuseet.no/en/"},{"@type":"ListItem","position":2,"name":"What's on","item":"https://www.afmuseet.no/en/events/"},{"@type":"ListItem","position":3,"name":"Børre Sæthre | Artist on the Collection"}]},{"@type":"WebSite","@id":"https://www.afmuseet.no/en/#website","url":"https://www.afmuseet.no/en/","name":"Astrup Fearnley Museet","description":"","potentialAction":[{"@type":"SearchAction","target":{"@type":"EntryPoint","urlTemplate":"https://www.afmuseet.no/en/?s={search_term_string}"},"query-input":{"@type":"PropertyValueSpecification","valueRequired":true,"valueName":"search_term_string"}}],"inLanguage":"en-US"}]}</script>
<!-- / Yoast SEO Premium plugin. -->

Børre Sæthre | Artist on the Collection - Astrup Fearnley Museet

Børre Sæthre in conversation with Owen Martin on the Astrup Fearnley Collection.
